{"id":8131,"date":"2019-05-23T17:09:17","date_gmt":"2019-05-23T20:09:17","guid":{"rendered":"https:\/\/ens9001-mza.infd.edu.ar\/sitio\/?page_id=8131"},"modified":"2019-05-24T11:29:16","modified_gmt":"2019-05-24T14:29:16","slug":"v-jornada-de-medio-ambiente","status":"publish","type":"page","link":"https:\/\/ens9001-infd.mendoza.edu.ar\/sitio\/v-jornada-de-medio-ambiente\/","title":{"rendered":"V Jornada de Ambiente- Cambio Clim\u00e1tico."},"content":{"rendered":"<p style=\"text-align: center;\">El\u00a0Profesorado de Educaci\u00f3n Secundaria en Geograf\u00eda y el Profesorado de Educaci\u00f3n Secundaria En Biolog\u00eda,<br \/>\n<strong>invitan<\/strong> a participar de la <strong>V Jornada de Medio Ambiente.<\/strong><\/p>\n<p style=\"text-align: center;\"><img decoding=\"async\" loading=\"lazy\" class=\"alignnone wp-image-8166\" src=\"https:\/\/ens9001-infd.mendoza.edu.ar\/sitio\/wp-content\/uploads\/2019\/05\/V-Cambio-Clima\u0301tico-707x1000.jpeg\" alt=\"\" width=\"495\" height=\"699\" srcset=\"https:\/\/ens9001-infd.mendoza.edu.ar\/sitio\/wp-content\/uploads\/2019\/05\/V-Cambio-Clima\u0301tico-707x1000.jpeg 707w, https:\/\/ens9001-infd.mendoza.edu.ar\/sitio\/wp-content\/uploads\/2019\/05\/V-Cambio-Clima\u0301tico.jpeg 793w\" sizes=\"(max-width: 495px) 100vw, 495px\" \/><\/p>\n<p>&nbsp;<\/p>\n<p><strong>Programa de actividades<\/strong>:<\/p>\n<ul>\n<li><strong>13:00 hs<\/strong>: Acreditaciones<\/li>\n<li><strong>14:00 hs:<\/strong> Apertura del evento a cargo del dr. Facundo Rojas \u201c\u201chistorias y geograf\u00edas contadas a partir de sequ\u00edas extremas en latinoam\u00e9rica\u201d<\/li>\n<li><strong>15:00 hs:<\/strong> exposici\u00f3n a cargo del dr. Juan Antonio Rivera \u201clas proyecciones clim\u00e1ticas en la provincia de mendoza: el futuro de los recursos h\u00eddricos regionales\u201d<\/li>\n<li><strong>16:00 hs:<\/strong> Caf\u00e9<\/li>\n<li><strong>16: 30 hs:<\/strong> Exposici\u00f3n a cargo del tec. Juan Pablo Herrera \u201c\u00c1rea natural protegida municipal humedal arroyo claro participaci\u00f3n multisectorial para su conservaci\u00f3n (asociaci\u00f3n cuyana para el desarrollo sustentable y permacultura)<\/li>\n<li><strong>17:15 hs:<\/strong> Exposici\u00f3n a cargo de la dra. Paula Mussetta \u201cAspectos pol\u00edticos y sociales del cambio clim\u00e1tico: alternativas a una mirada hegem\u00f3nica\u201d<\/li>\n<li><strong>18:00 hs:<\/strong> Cierre art\u00edstico<\/li>\n<li><strong>18:30 hs:<\/strong> Finalizaci\u00f3n de la jornada<\/li>\n<\/ul>\n<p>Inscripciones en l\u00ednea:<\/p>\n<ul>\n<li><a href=\"https:\/\/docs.google.com\/forms\/d\/e\/1FAIpQLSed8Jt5DhB9i0-GyIn3AVknqjXIgE5ZcBWi78OfGjQQ2No0tQ\/viewform\">Formulario de Inscripci\u00f3n<\/a><\/li>\n<li><a href=\"https:\/\/docs.google.com\/spreadsheets\/d\/1oXQY8FY0obs1xnzkvMGhgQrbNZLlM9YhoPEVha3aFGs\/edit?usp=sharing\">Formulario de Confirmaci\u00f3n<\/a><\/li>\n<\/ul>\n","protected":false},"excerpt":{"rendered":"<p>El\u00a0Profesorado de Educaci\u00f3n Secundaria en Geograf\u00eda y el Profesorado de Educaci\u00f3n Secundaria En Biolog\u00eda, invitan a participar de la V Jornada de Medio Ambiente. &nbsp; Programa de actividades: 13:00 hs: Acreditaciones 14:00 hs: Apertura del evento a cargo del dr. Facundo Rojas \u201c\u201chistorias y geograf\u00edas contadas a partir de sequ\u00edas extremas en latinoam\u00e9rica\u201d 15:00 hs: &#8230; <a title=\"V Jornada de Ambiente- Cambio Clim\u00e1tico.\" class=\"read-more\" href=\"https:\/\/ens9001-infd.mendoza.edu.ar\/sitio\/v-jornada-de-medio-ambiente\/\" aria-label=\"More on V Jornada de Ambiente- Cambio Clim\u00e1tico.\">[+]<\/a><\/p>\n","protected":false},"author":6607,"featured_media":0,"parent":0,"menu_order":0,"comment_status":"closed","ping_status":"closed","template":"","meta":[],"acf":[],"_links":{"self":[{"href":"https:\/\/ens9001-infd.mendoza.edu.ar\/sitio\/wp-json\/wp\/v2\/pages\/8131"}],"collection":[{"href":"https:\/\/ens9001-infd.mendoza.edu.ar\/sitio\/wp-json\/wp\/v2\/pages"}],"about":[{"href":"https:\/\/ens9001-infd.mendoza.edu.ar\/sitio\/wp-json\/wp\/v2\/types\/page"}],"author":[{"embeddable":true,"href":"https:\/\/ens9001-infd.mendoza.edu.ar\/sitio\/wp-json\/wp\/v2\/users\/6607"}],"replies":[{"embeddable":true,"href":"https:\/\/ens9001-infd.mendoza.edu.ar\/sitio\/wp-json\/wp\/v2\/comments?post=8131"}],"version-history":[{"count":12,"href":"https:\/\/ens9001-infd.mendoza.edu.ar\/sitio\/wp-json\/wp\/v2\/pages\/8131\/revisions"}],"predecessor-version":[{"id":8169,"href":"https:\/\/ens9001-infd.mendoza.edu.ar\/sitio\/wp-json\/wp\/v2\/pages\/8131\/revisions\/8169"}],"wp:attachment":[{"href":"https:\/\/ens9001-infd.mendoza.edu.ar\/sitio\/wp-json\/wp\/v2\/media?parent=8131"}],"curies":[{"name":"wp","href":"https:\/\/api.w.org\/{rel}","templated":true}]}}