{"id":7617,"date":"2019-04-08T20:27:05","date_gmt":"2019-04-08T23:27:05","guid":{"rendered":"https:\/\/ens9001-mza.infd.edu.ar\/sitio\/?page_id=7617"},"modified":"2021-05-07T23:59:38","modified_gmt":"2021-05-08T02:59:38","slug":"actualizacion-academica-en-elaboracion-de-proyectos-interdisciplinares-e-innovacion-educativa","status":"publish","type":"page","link":"https:\/\/ens9001-infd.mendoza.edu.ar\/sitio\/actualizacion-academica-en-elaboracion-de-proyectos-interdisciplinares-e-innovacion-educativa\/","title":{"rendered":"Post\u00edtulo: Actualizaci\u00f3n Acad\u00e9mica en elaboraci\u00f3n de proyectos interdisciplinares e innovaci\u00f3n educativa"},"content":{"rendered":"<p><img decoding=\"async\" loading=\"lazy\" class=\"alignnone size-medium wp-image-7528\" src=\"https:\/\/ens9001-infd.mendoza.edu.ar\/sitio\/wp-content\/uploads\/2019\/04\/Membrete-2-1000x134.png\" alt=\"\" width=\"1000\" height=\"134\" srcset=\"https:\/\/ens9001-infd.mendoza.edu.ar\/sitio\/wp-content\/uploads\/2019\/04\/Membrete-2-1000x134.png 1000w, https:\/\/ens9001-infd.mendoza.edu.ar\/sitio\/wp-content\/uploads\/2019\/04\/Membrete-2-768x103.png 768w, https:\/\/ens9001-infd.mendoza.edu.ar\/sitio\/wp-content\/uploads\/2019\/04\/Membrete-2-1900x255.png 1900w\" sizes=\"(max-width: 1000px) 100vw, 1000px\" \/><\/p>\n<h5>Post\u00edtulo:<\/h5>\n<h4 style=\"text-align: center;\">Actualizaci\u00f3n Acad\u00e9mica en elaboraci\u00f3n de<br \/>\nproyectos interdisciplinares e innovaci\u00f3n educativa<\/h4>\n<p>&nbsp;<\/p>\n<h5><strong><img decoding=\"async\" loading=\"lazy\" class=\"wp-image-7531 alignnone\" src=\"https:\/\/ens9001-infd.mendoza.edu.ar\/sitio\/wp-content\/uploads\/2019\/04\/CFC-Iso-trans-1000x627.png\" alt=\"\" width=\"38\" height=\"23\" srcset=\"https:\/\/ens9001-infd.mendoza.edu.ar\/sitio\/wp-content\/uploads\/2019\/04\/CFC-Iso-trans-1000x627.png 1000w, https:\/\/ens9001-infd.mendoza.edu.ar\/sitio\/wp-content\/uploads\/2019\/04\/CFC-Iso-trans-768x482.png 768w, https:\/\/ens9001-infd.mendoza.edu.ar\/sitio\/wp-content\/uploads\/2019\/04\/CFC-Iso-trans.png 1239w\" sizes=\"(max-width: 38px) 100vw, 38px\" \/>\u00a0<\/strong>Resoluci\u00f3n de aprobaci\u00f3n:<\/h5>\n<p><a href=\"https:\/\/drive.google.com\/open?id=1TXy-niovVZLDEYlksWky1KUpymtZHKZx\">Resoluci\u00f3n N\u00ba 718-DGE-19<\/a><\/p>\n<p>&nbsp;<\/p>\n<h5><strong><img decoding=\"async\" loading=\"lazy\" class=\"wp-image-7531 alignnone\" src=\"https:\/\/ens9001-infd.mendoza.edu.ar\/sitio\/wp-content\/uploads\/2019\/04\/CFC-Iso-trans-1000x627.png\" alt=\"\" width=\"38\" height=\"23\" srcset=\"https:\/\/ens9001-infd.mendoza.edu.ar\/sitio\/wp-content\/uploads\/2019\/04\/CFC-Iso-trans-1000x627.png 1000w, https:\/\/ens9001-infd.mendoza.edu.ar\/sitio\/wp-content\/uploads\/2019\/04\/CFC-Iso-trans-768x482.png 768w, https:\/\/ens9001-infd.mendoza.edu.ar\/sitio\/wp-content\/uploads\/2019\/04\/CFC-Iso-trans.png 1239w\" sizes=\"(max-width: 38px) 100vw, 38px\" \/>\u00a0<\/strong>Destinatarios:<\/h5>\n<p>Este curso de Actualizaci\u00f3n Acad\u00e9mica est\u00e1 destinado a docentes de nivel primario, secundario y superior de todas modalidades del sistema educativo. Los requisitos de admisi\u00f3n son poseer t\u00edtulo docente o ejercer la docencia en estos niveles y modalidades.<\/p>\n<p>&nbsp;<\/p>\n<h5><strong><img decoding=\"async\" loading=\"lazy\" class=\"wp-image-7531 alignnone\" src=\"https:\/\/ens9001-infd.mendoza.edu.ar\/sitio\/wp-content\/uploads\/2019\/04\/CFC-Iso-trans-1000x627.png\" alt=\"\" width=\"38\" height=\"23\" srcset=\"https:\/\/ens9001-infd.mendoza.edu.ar\/sitio\/wp-content\/uploads\/2019\/04\/CFC-Iso-trans-1000x627.png 1000w, https:\/\/ens9001-infd.mendoza.edu.ar\/sitio\/wp-content\/uploads\/2019\/04\/CFC-Iso-trans-768x482.png 768w, https:\/\/ens9001-infd.mendoza.edu.ar\/sitio\/wp-content\/uploads\/2019\/04\/CFC-Iso-trans.png 1239w\" sizes=\"(max-width: 38px) 100vw, 38px\" \/>\u00a0<\/strong>Objetivos:<\/h5>\n<p><strong>Objetivo general de la formaci\u00f3n<\/strong><\/p>\n<p>Proporcionar las herramientas necesarias para que los docentes del medio logren repensar sus pr\u00e1cticas profesionales, establezcan conexiones interdisciplinarias y se planteen objetivos concretables en distintos espacios reales de conocimiento.<\/p>\n<p><strong>Objetivos espec\u00edficos<\/strong><\/p>\n<ul>\n<li>Analizar la necesidad de la utilizaci\u00f3n de proyectos integrados para el desarrollo de un conocimiento global.<\/li>\n<li>Considerar el cine como un recurso did\u00e1ctico para optimizar la adquisici\u00f3n de aprendizajes en los distintos niveles del sistema educativo.<\/li>\n<li>Comprender la importancia de la literatura para el desarrollo del sujeto y desarrollar habilidades para poder relacionar las obras literarias con diferentes \u00e1reas del conocimiento.<\/li>\n<li>Valorar la importancia de las tecnolog\u00edas de la informaci\u00f3n y la comunicaci\u00f3n en los procesos de ense\u00f1anza-aprendizaje.<\/li>\n<li>Propiciar la elaboraci\u00f3n de proyectos educativos integrales que presenten al cine, a la literatura y a las tecnolog\u00edas como ejes articuladores entre diversas disciplinas.<\/li>\n<\/ul>\n<p>&nbsp;<\/p>\n<h5><strong><img decoding=\"async\" loading=\"lazy\" class=\"wp-image-7531 alignnone\" src=\"https:\/\/ens9001-infd.mendoza.edu.ar\/sitio\/wp-content\/uploads\/2019\/04\/CFC-Iso-trans-1000x627.png\" alt=\"\" width=\"38\" height=\"23\" srcset=\"https:\/\/ens9001-infd.mendoza.edu.ar\/sitio\/wp-content\/uploads\/2019\/04\/CFC-Iso-trans-1000x627.png 1000w, https:\/\/ens9001-infd.mendoza.edu.ar\/sitio\/wp-content\/uploads\/2019\/04\/CFC-Iso-trans-768x482.png 768w, https:\/\/ens9001-infd.mendoza.edu.ar\/sitio\/wp-content\/uploads\/2019\/04\/CFC-Iso-trans.png 1239w\" sizes=\"(max-width: 38px) 100vw, 38px\" \/>\u00a0<\/strong>Estructura Curricular:<\/h5>\n<ol>\n<li>La elaboraci\u00f3n de proyectos: el proyecto educativo integrado<\/li>\n<li>El cine como recurso did\u00e1ctico<\/li>\n<li>La literatura infantil y juvenil como medio para la creaci\u00f3n de proyectos<\/li>\n<li>El uso de las tecnolog\u00edas en la implementaci\u00f3n de proyectos integrales<\/li>\n<li>La evaluaci\u00f3n de proyectos educativos integrados<\/li>\n<\/ol>\n<p>&nbsp;<\/p>\n<h5><strong><img decoding=\"async\" loading=\"lazy\" class=\"wp-image-7531 alignnone\" src=\"https:\/\/ens9001-infd.mendoza.edu.ar\/sitio\/wp-content\/uploads\/2019\/04\/CFC-Iso-trans-1000x627.png\" alt=\"\" width=\"38\" height=\"23\" srcset=\"https:\/\/ens9001-infd.mendoza.edu.ar\/sitio\/wp-content\/uploads\/2019\/04\/CFC-Iso-trans-1000x627.png 1000w, https:\/\/ens9001-infd.mendoza.edu.ar\/sitio\/wp-content\/uploads\/2019\/04\/CFC-Iso-trans-768x482.png 768w, https:\/\/ens9001-infd.mendoza.edu.ar\/sitio\/wp-content\/uploads\/2019\/04\/CFC-Iso-trans.png 1239w\" sizes=\"(max-width: 38px) 100vw, 38px\" \/>\u00a0<\/strong>Carga horaria:<\/h5>\n<p>Total horas: 200 horas reloj.<\/p>\n<p>&nbsp;<\/p>\n<h5><strong><img decoding=\"async\" loading=\"lazy\" class=\"wp-image-7531 alignnone\" src=\"https:\/\/ens9001-infd.mendoza.edu.ar\/sitio\/wp-content\/uploads\/2019\/04\/CFC-Iso-trans-1000x627.png\" alt=\"\" width=\"38\" height=\"23\" srcset=\"https:\/\/ens9001-infd.mendoza.edu.ar\/sitio\/wp-content\/uploads\/2019\/04\/CFC-Iso-trans-1000x627.png 1000w, https:\/\/ens9001-infd.mendoza.edu.ar\/sitio\/wp-content\/uploads\/2019\/04\/CFC-Iso-trans-768x482.png 768w, https:\/\/ens9001-infd.mendoza.edu.ar\/sitio\/wp-content\/uploads\/2019\/04\/CFC-Iso-trans.png 1239w\" sizes=\"(max-width: 38px) 100vw, 38px\" \/>\u00a0<\/strong>Duraci\u00f3n:<\/h5>\n<p>Un a\u00f1o de cursado.<\/p>\n<p>&nbsp;<\/p>\n<h5><strong><img decoding=\"async\" loading=\"lazy\" class=\"wp-image-7531 alignnone\" src=\"https:\/\/ens9001-infd.mendoza.edu.ar\/sitio\/wp-content\/uploads\/2019\/04\/CFC-Iso-trans-1000x627.png\" alt=\"\" width=\"38\" height=\"23\" srcset=\"https:\/\/ens9001-infd.mendoza.edu.ar\/sitio\/wp-content\/uploads\/2019\/04\/CFC-Iso-trans-1000x627.png 1000w, https:\/\/ens9001-infd.mendoza.edu.ar\/sitio\/wp-content\/uploads\/2019\/04\/CFC-Iso-trans-768x482.png 768w, https:\/\/ens9001-infd.mendoza.edu.ar\/sitio\/wp-content\/uploads\/2019\/04\/CFC-Iso-trans.png 1239w\" sizes=\"(max-width: 38px) 100vw, 38px\" \/>\u00a0Lugar, d<\/strong>\u00edas y horarios de cursado:<\/h5>\n<p>En el marco del Proyecto de Virtualizaci\u00f3n de la Formaci\u00f3n Continua del Plan de Contingencia Institucional ante la Emergencia Sanitaria.<\/p>\n<p>Los encuentros virtuales sincr\u00f3nicos y las instancias presenciales, en el caso que puedan llevarse a cabo, se realizar\u00e1n los d\u00edas <strong>viernes entre las 19:00 y las 21:30 hs.<\/strong><\/p>\n<p>&nbsp;<\/p>\n<h5><strong><img decoding=\"async\" loading=\"lazy\" class=\"wp-image-7531 alignnone\" src=\"https:\/\/ens9001-infd.mendoza.edu.ar\/sitio\/wp-content\/uploads\/2019\/04\/CFC-Iso-trans-1000x627.png\" alt=\"\" width=\"38\" height=\"23\" srcset=\"https:\/\/ens9001-infd.mendoza.edu.ar\/sitio\/wp-content\/uploads\/2019\/04\/CFC-Iso-trans-1000x627.png 1000w, https:\/\/ens9001-infd.mendoza.edu.ar\/sitio\/wp-content\/uploads\/2019\/04\/CFC-Iso-trans-768x482.png 768w, https:\/\/ens9001-infd.mendoza.edu.ar\/sitio\/wp-content\/uploads\/2019\/04\/CFC-Iso-trans.png 1239w\" sizes=\"(max-width: 38px) 100vw, 38px\" \/>\u00a0<\/strong>Inicio del cursado:<\/h5>\n<p>Actividad de inicio de las actividades acad\u00e9micas del Centro de Formaci\u00f3n Continua: <strong>S\u00e1bado 8 de mayo a las 9:00 hs.<\/strong><\/p>\n<p>&nbsp;<\/p>\n<h5><strong><img decoding=\"async\" loading=\"lazy\" class=\"wp-image-7531 alignnone\" src=\"https:\/\/ens9001-infd.mendoza.edu.ar\/sitio\/wp-content\/uploads\/2019\/04\/CFC-Iso-trans-1000x627.png\" alt=\"\" width=\"38\" height=\"23\" srcset=\"https:\/\/ens9001-infd.mendoza.edu.ar\/sitio\/wp-content\/uploads\/2019\/04\/CFC-Iso-trans-1000x627.png 1000w, https:\/\/ens9001-infd.mendoza.edu.ar\/sitio\/wp-content\/uploads\/2019\/04\/CFC-Iso-trans-768x482.png 768w, https:\/\/ens9001-infd.mendoza.edu.ar\/sitio\/wp-content\/uploads\/2019\/04\/CFC-Iso-trans.png 1239w\" sizes=\"(max-width: 38px) 100vw, 38px\" \/>\u00a0Inscripci\u00f3n y consultas<\/strong>:<\/h5>\n<p>Los\/as docentes interesados\/as deber\u00e1n pre-inscribirse a trav\u00e9s del\u00a0formulario digital\u00a0y completar el proceso de inscripci\u00f3n de acuerdo a las orientaciones que recibir\u00e1n en su correo electr\u00f3nico enviado desde la Bedel\u00eda del Centro de Formaci\u00f3n Continua: <strong>bedelia.cfc9001@gmail.com<\/strong><\/p>\n<p>Tambi\u00e9n pueden realizar consultas a trav\u00e9s de WhatsApp los siguientes d\u00edas y horarios:<\/p>\n<ul>\n<li>Lunes a viernes: de 10 a 11 y de 16:00 a 17:00 hs.<\/li>\n<\/ul>\n<p>&nbsp;<\/p>\n<p><a href=\"https:\/\/chat.whatsapp.com\/DAEL0ItGLhKLPsfNzV0Lun\"><img decoding=\"async\" loading=\"lazy\" class=\"wp-image-11021 aligncenter\" src=\"https:\/\/ens9001-infd.mendoza.edu.ar\/sitio\/wp-content\/uploads\/2020\/05\/Mesa-de-entradas-CFC-1000x111.jpeg\" alt=\"\" width=\"512\" height=\"57\" srcset=\"https:\/\/ens9001-infd.mendoza.edu.ar\/sitio\/wp-content\/uploads\/2020\/05\/Mesa-de-entradas-CFC-1000x111.jpeg 1000w, https:\/\/ens9001-infd.mendoza.edu.ar\/sitio\/wp-content\/uploads\/2020\/05\/Mesa-de-entradas-CFC-768x85.jpeg 768w, https:\/\/ens9001-infd.mendoza.edu.ar\/sitio\/wp-content\/uploads\/2020\/05\/Mesa-de-entradas-CFC.jpeg 1042w\" sizes=\"(max-width: 512px) 100vw, 512px\" \/><\/a><\/p>\n<p style=\"text-align: center;\"><a href=\"https:\/\/chat.whatsapp.com\/KQbusqF0DrjAYFCHbXi5Q8\" target=\"_blank\" rel=\"noopener\"><strong>https:\/\/chat.whatsapp.com\/KQbusqF0DrjAYFCHbXi5Q8<\/strong><\/a><\/p>\n<p>&nbsp;<\/p>\n<p>Las consultas ser\u00e1n respondidas en el transcurso del d\u00eda.<\/p>\n<p>&nbsp;<\/p>\n<h2 style=\"text-align: center;\"><span style=\"text-decoration: underline;\"><a href=\"https:\/\/forms.gle\/vRMBKcNDadoByGBG9\" target=\"_blank\" rel=\"noopener\"><strong>Formulario de pre-inscripci\u00f3n<\/strong><\/a><\/span><\/h2>\n<p style=\"text-align: center;\"><a href=\"https:\/\/ens9001-infd.mendoza.edu.ar\/sitio\/propuestas-de-formacion-continua-2021\/\" target=\"_blank\" rel=\"noopener\"><strong>Ver m\u00e1s ofertas de Formaci\u00f3n Continua 2021<\/strong><\/a><\/p>\n","protected":false},"excerpt":{"rendered":"<p>Post\u00edtulo: Actualizaci\u00f3n Acad\u00e9mica en elaboraci\u00f3n de proyectos interdisciplinares e innovaci\u00f3n educativa &nbsp; \u00a0Resoluci\u00f3n de aprobaci\u00f3n: Resoluci\u00f3n N\u00ba 718-DGE-19 &nbsp; \u00a0Destinatarios: Este curso de Actualizaci\u00f3n Acad\u00e9mica est\u00e1 destinado a docentes de nivel primario, secundario y superior de todas modalidades del sistema educativo. Los requisitos de admisi\u00f3n son poseer t\u00edtulo docente o ejercer la docencia en estos &#8230; <a title=\"Post\u00edtulo: Actualizaci\u00f3n Acad\u00e9mica en elaboraci\u00f3n de proyectos interdisciplinares e innovaci\u00f3n educativa\" class=\"read-more\" href=\"https:\/\/ens9001-infd.mendoza.edu.ar\/sitio\/actualizacion-academica-en-elaboracion-de-proyectos-interdisciplinares-e-innovacion-educativa\/\" aria-label=\"More on Post\u00edtulo: Actualizaci\u00f3n Acad\u00e9mica en elaboraci\u00f3n de proyectos interdisciplinares e innovaci\u00f3n educativa\">[+]<\/a><\/p>\n","protected":false},"author":6668,"featured_media":0,"parent":0,"menu_order":0,"comment_status":"closed","ping_status":"closed","template":"","meta":[],"acf":[],"_links":{"self":[{"href":"https:\/\/ens9001-infd.mendoza.edu.ar\/sitio\/wp-json\/wp\/v2\/pages\/7617"}],"collection":[{"href":"https:\/\/ens9001-infd.mendoza.edu.ar\/sitio\/wp-json\/wp\/v2\/pages"}],"about":[{"href":"https:\/\/ens9001-infd.mendoza.edu.ar\/sitio\/wp-json\/wp\/v2\/types\/page"}],"author":[{"embeddable":true,"href":"https:\/\/ens9001-infd.mendoza.edu.ar\/sitio\/wp-json\/wp\/v2\/users\/6668"}],"replies":[{"embeddable":true,"href":"https:\/\/ens9001-infd.mendoza.edu.ar\/sitio\/wp-json\/wp\/v2\/comments?post=7617"}],"version-history":[{"count":30,"href":"https:\/\/ens9001-infd.mendoza.edu.ar\/sitio\/wp-json\/wp\/v2\/pages\/7617\/revisions"}],"predecessor-version":[{"id":13961,"href":"https:\/\/ens9001-infd.mendoza.edu.ar\/sitio\/wp-json\/wp\/v2\/pages\/7617\/revisions\/13961"}],"wp:attachment":[{"href":"https:\/\/ens9001-infd.mendoza.edu.ar\/sitio\/wp-json\/wp\/v2\/media?parent=7617"}],"curies":[{"name":"wp","href":"https:\/\/api.w.org\/{rel}","templated":true}]}}