{"id":7586,"date":"2019-04-08T14:25:09","date_gmt":"2019-04-08T17:25:09","guid":{"rendered":"https:\/\/ens9001-mza.infd.edu.ar\/sitio\/?page_id=7586"},"modified":"2021-05-08T00:02:40","modified_gmt":"2021-05-08T03:02:40","slug":"postitulo","status":"publish","type":"page","link":"https:\/\/ens9001-infd.mendoza.edu.ar\/sitio\/postitulo\/","title":{"rendered":"Post\u00edtulo: Actualizaci\u00f3n Acad\u00e9mica en Legislaci\u00f3n y Administraci\u00f3n Escolar"},"content":{"rendered":"<p style=\"padding-left: 30px;\"><img decoding=\"async\" loading=\"lazy\" class=\"alignnone size-medium wp-image-7528\" src=\"https:\/\/ens9001-infd.mendoza.edu.ar\/sitio\/wp-content\/uploads\/2019\/04\/Membrete-2-1000x134.png\" alt=\"\" width=\"1000\" height=\"134\" srcset=\"https:\/\/ens9001-infd.mendoza.edu.ar\/sitio\/wp-content\/uploads\/2019\/04\/Membrete-2-1000x134.png 1000w, https:\/\/ens9001-infd.mendoza.edu.ar\/sitio\/wp-content\/uploads\/2019\/04\/Membrete-2-768x103.png 768w, https:\/\/ens9001-infd.mendoza.edu.ar\/sitio\/wp-content\/uploads\/2019\/04\/Membrete-2-1900x255.png 1900w\" sizes=\"(max-width: 1000px) 100vw, 1000px\" \/><\/p>\n<h5>Post\u00edtulo:<\/h5>\n<h4 style=\"text-align: center;\">Actualizaci\u00f3n Acad\u00e9mica en Legislaci\u00f3n y Administraci\u00f3n Escolar<\/h4>\n<p>&nbsp;<\/p>\n<h5><strong><img decoding=\"async\" loading=\"lazy\" class=\"wp-image-7531 alignnone\" src=\"https:\/\/ens9001-infd.mendoza.edu.ar\/sitio\/wp-content\/uploads\/2019\/04\/CFC-Iso-trans-1000x627.png\" alt=\"\" width=\"38\" height=\"23\" srcset=\"https:\/\/ens9001-infd.mendoza.edu.ar\/sitio\/wp-content\/uploads\/2019\/04\/CFC-Iso-trans-1000x627.png 1000w, https:\/\/ens9001-infd.mendoza.edu.ar\/sitio\/wp-content\/uploads\/2019\/04\/CFC-Iso-trans-768x482.png 768w, https:\/\/ens9001-infd.mendoza.edu.ar\/sitio\/wp-content\/uploads\/2019\/04\/CFC-Iso-trans.png 1239w\" sizes=\"(max-width: 38px) 100vw, 38px\" \/>\u00a0<\/strong>Resoluci\u00f3n de aprobaci\u00f3n:<\/h5>\n<p><a href=\"https:\/\/drive.google.com\/file\/d\/15PXhLPHX7xw2FICjIWe7giXqbNxgNoO8\/view?usp=sharing\" target=\"_blank\" rel=\"noopener\">Resoluci\u00f3n 1946-DGE-20<\/a><\/p>\n<p>&nbsp;<\/p>\n<h5><strong><img decoding=\"async\" loading=\"lazy\" class=\"wp-image-7531 alignnone\" src=\"https:\/\/ens9001-infd.mendoza.edu.ar\/sitio\/wp-content\/uploads\/2019\/04\/CFC-Iso-trans-1000x627.png\" alt=\"\" width=\"38\" height=\"23\" srcset=\"https:\/\/ens9001-infd.mendoza.edu.ar\/sitio\/wp-content\/uploads\/2019\/04\/CFC-Iso-trans-1000x627.png 1000w, https:\/\/ens9001-infd.mendoza.edu.ar\/sitio\/wp-content\/uploads\/2019\/04\/CFC-Iso-trans-768x482.png 768w, https:\/\/ens9001-infd.mendoza.edu.ar\/sitio\/wp-content\/uploads\/2019\/04\/CFC-Iso-trans.png 1239w\" sizes=\"(max-width: 38px) 100vw, 38px\" \/>\u00a0<\/strong>Destinatarios:<\/h5>\n<p>Este curso de Actualizaci\u00f3n Acad\u00e9mica est\u00e1 destinado a todos los Docentes de los diferentes Niveles y Modalidades del Sistema Educativo.<\/p>\n<p>Es prop\u00f3sito enriquecer el ejercicio de la profesi\u00f3n actualizando los saberes de sus marcos conceptuales, pr\u00e1cticos y normativos; ya sea para el desempe\u00f1o frente al aula como en otros cargos del Sistema Educativo.<\/p>\n<p>Los requisitos de admisi\u00f3n son: poseer t\u00edtulo docente, ejercer la docencia o acreditar Bono de Puntaje expedido por Juntas Calificadoras.<\/p>\n<p>&nbsp;<\/p>\n<h5><strong><img decoding=\"async\" loading=\"lazy\" class=\"wp-image-7531 alignnone\" src=\"https:\/\/ens9001-infd.mendoza.edu.ar\/sitio\/wp-content\/uploads\/2019\/04\/CFC-Iso-trans-1000x627.png\" alt=\"\" width=\"38\" height=\"23\" srcset=\"https:\/\/ens9001-infd.mendoza.edu.ar\/sitio\/wp-content\/uploads\/2019\/04\/CFC-Iso-trans-1000x627.png 1000w, https:\/\/ens9001-infd.mendoza.edu.ar\/sitio\/wp-content\/uploads\/2019\/04\/CFC-Iso-trans-768x482.png 768w, https:\/\/ens9001-infd.mendoza.edu.ar\/sitio\/wp-content\/uploads\/2019\/04\/CFC-Iso-trans.png 1239w\" sizes=\"(max-width: 38px) 100vw, 38px\" \/>\u00a0<\/strong>Objetivos:<\/h5>\n<p>A trav\u00e9s de la presente propuesta formativa se busca que los\/as cursantes sean capaces de:<\/p>\n<ul>\n<li>Comprender la interrelaci\u00f3n necesaria entre pol\u00edtica educativa, marco legal e inscripci\u00f3n sociocultural e hist\u00f3rica de la escuela.<\/li>\n<li>Reflexionar cr\u00edticamente sobre problem\u00e1ticas institucionales, su entorno y recursos disponibles, desde el enfoque global y normativo nacional y jurisdiccional.<\/li>\n<li>Dise\u00f1ar acciones socioeducativas fundamentadas, viables, pertinentes y acorde a la legislaci\u00f3n y administraci\u00f3n jurisdiccional e institucional.<\/li>\n<li>Evaluar y analizar, en el contexto pol\u00edtico normativo, diversas situaciones que involucren habilidades de gesti\u00f3n democr\u00e1tica, como la participaci\u00f3n, la construcci\u00f3n de acuerdos y la acci\u00f3n.<\/li>\n<li>Interpretar y producir textos normativos acordes a la pol\u00edtica educativa nacional y provincial, utilizando lenguaje espec\u00edfico.<\/li>\n<\/ul>\n<p>&nbsp;<\/p>\n<h5><strong><img decoding=\"async\" loading=\"lazy\" class=\"wp-image-7531 alignnone\" src=\"https:\/\/ens9001-infd.mendoza.edu.ar\/sitio\/wp-content\/uploads\/2019\/04\/CFC-Iso-trans-1000x627.png\" alt=\"\" width=\"38\" height=\"23\" srcset=\"https:\/\/ens9001-infd.mendoza.edu.ar\/sitio\/wp-content\/uploads\/2019\/04\/CFC-Iso-trans-1000x627.png 1000w, https:\/\/ens9001-infd.mendoza.edu.ar\/sitio\/wp-content\/uploads\/2019\/04\/CFC-Iso-trans-768x482.png 768w, https:\/\/ens9001-infd.mendoza.edu.ar\/sitio\/wp-content\/uploads\/2019\/04\/CFC-Iso-trans.png 1239w\" sizes=\"(max-width: 38px) 100vw, 38px\" \/>\u00a0<\/strong>Estructura Curricular:<\/h5>\n<ul>\n<li>M\u00d3DULO 1: Pol\u00edtica Educativa.<\/li>\n<li>M\u00d3DULO 2: Legislaci\u00f3n Escolar.<\/li>\n<li>M\u00d3DULO 3: Administraci\u00f3n Escolar.<\/li>\n<li>M\u00d3DULO 4: Producci\u00f3n de textos.<\/li>\n<li>M\u00d3DULO 5: Proyectos Socioeducativos y Gesti\u00f3n de Redes.<\/li>\n<li>M\u00d3DULO 6: Convivencia Escolar y Participaci\u00f3n.<\/li>\n<li>M\u00d3DULO 7: An\u00e1lisis de problemas y mecanismos de resoluci\u00f3n<\/li>\n<li>M\u00d3DULO 8: Trabajo Final.<\/li>\n<\/ul>\n<p>&nbsp;<\/p>\n<h5><strong><img decoding=\"async\" loading=\"lazy\" class=\"wp-image-7531 alignnone\" src=\"https:\/\/ens9001-infd.mendoza.edu.ar\/sitio\/wp-content\/uploads\/2019\/04\/CFC-Iso-trans-1000x627.png\" alt=\"\" width=\"38\" height=\"23\" srcset=\"https:\/\/ens9001-infd.mendoza.edu.ar\/sitio\/wp-content\/uploads\/2019\/04\/CFC-Iso-trans-1000x627.png 1000w, https:\/\/ens9001-infd.mendoza.edu.ar\/sitio\/wp-content\/uploads\/2019\/04\/CFC-Iso-trans-768x482.png 768w, https:\/\/ens9001-infd.mendoza.edu.ar\/sitio\/wp-content\/uploads\/2019\/04\/CFC-Iso-trans.png 1239w\" sizes=\"(max-width: 38px) 100vw, 38px\" \/>\u00a0<\/strong>Carga horaria:<\/h5>\n<p>El trayecto presenta una carga horaria total de 220 (doscientas veinte) horas reloj, equivalentes a 330 (trescientas treinta) horas c\u00e1tedra. De la carga horaria total 207 (doscientas siete) horas reloj tienen car\u00e1cter presencial y 13 (trece) horas reloj tienen car\u00e1cter no presencial, adecuado a las caracter\u00edsticas de la emergencia sanitaria.<\/p>\n<p>&nbsp;<\/p>\n<h5><strong><img decoding=\"async\" loading=\"lazy\" class=\"wp-image-7531 alignnone\" src=\"https:\/\/ens9001-infd.mendoza.edu.ar\/sitio\/wp-content\/uploads\/2019\/04\/CFC-Iso-trans-1000x627.png\" alt=\"\" width=\"38\" height=\"23\" srcset=\"https:\/\/ens9001-infd.mendoza.edu.ar\/sitio\/wp-content\/uploads\/2019\/04\/CFC-Iso-trans-1000x627.png 1000w, https:\/\/ens9001-infd.mendoza.edu.ar\/sitio\/wp-content\/uploads\/2019\/04\/CFC-Iso-trans-768x482.png 768w, https:\/\/ens9001-infd.mendoza.edu.ar\/sitio\/wp-content\/uploads\/2019\/04\/CFC-Iso-trans.png 1239w\" sizes=\"(max-width: 38px) 100vw, 38px\" \/>\u00a0<\/strong>Duraci\u00f3n:<\/h5>\n<p>Un a\u00f1o de cursado.<\/p>\n<p>&nbsp;<\/p>\n<h5><strong><img decoding=\"async\" loading=\"lazy\" class=\"wp-image-7531 alignnone\" src=\"https:\/\/ens9001-infd.mendoza.edu.ar\/sitio\/wp-content\/uploads\/2019\/04\/CFC-Iso-trans-1000x627.png\" alt=\"\" width=\"38\" height=\"23\" srcset=\"https:\/\/ens9001-infd.mendoza.edu.ar\/sitio\/wp-content\/uploads\/2019\/04\/CFC-Iso-trans-1000x627.png 1000w, https:\/\/ens9001-infd.mendoza.edu.ar\/sitio\/wp-content\/uploads\/2019\/04\/CFC-Iso-trans-768x482.png 768w, https:\/\/ens9001-infd.mendoza.edu.ar\/sitio\/wp-content\/uploads\/2019\/04\/CFC-Iso-trans.png 1239w\" sizes=\"(max-width: 38px) 100vw, 38px\" \/>\u00a0Lugar, d<\/strong>\u00edas y horarios de cursado:<\/h5>\n<p>En el marco del\u00a0<strong>Proyecto de Virtualizaci\u00f3n<\/strong>\u00a0de la Formaci\u00f3n Continua del Plan de Contingencia Institucional ante la Emergencia Sanitaria, los encuentros virtuales sincr\u00f3nicos y las instancias presenciales -en el caso que estas \u00faltimas puedan llevarse a cabo con los protocolos establecidos- se realizar\u00e1n los d\u00edas <strong>jueves entre las 19:00 y las 21:30 hs.\u00a0\u00a0y s\u00e1bados entre 9:00 a 12:30 hs.<\/strong><\/p>\n<p>&nbsp;<\/p>\n<h5><strong><img decoding=\"async\" loading=\"lazy\" class=\"wp-image-7531 alignnone\" src=\"https:\/\/ens9001-infd.mendoza.edu.ar\/sitio\/wp-content\/uploads\/2019\/04\/CFC-Iso-trans-1000x627.png\" alt=\"\" width=\"38\" height=\"23\" srcset=\"https:\/\/ens9001-infd.mendoza.edu.ar\/sitio\/wp-content\/uploads\/2019\/04\/CFC-Iso-trans-1000x627.png 1000w, https:\/\/ens9001-infd.mendoza.edu.ar\/sitio\/wp-content\/uploads\/2019\/04\/CFC-Iso-trans-768x482.png 768w, https:\/\/ens9001-infd.mendoza.edu.ar\/sitio\/wp-content\/uploads\/2019\/04\/CFC-Iso-trans.png 1239w\" sizes=\"(max-width: 38px) 100vw, 38px\" \/>\u00a0<\/strong>Inicio del cursado:<\/h5>\n<p>Actividad de inicio de las actividades acad\u00e9micas del Centro de Formaci\u00f3n Continua: <strong>S\u00e1bado 8 de mayo a las 9:00 hs.<\/strong><\/p>\n<p>&nbsp;<\/p>\n<h5><strong><img decoding=\"async\" loading=\"lazy\" class=\"wp-image-7531 alignnone\" src=\"https:\/\/ens9001-infd.mendoza.edu.ar\/sitio\/wp-content\/uploads\/2019\/04\/CFC-Iso-trans-1000x627.png\" alt=\"\" width=\"38\" height=\"23\" srcset=\"https:\/\/ens9001-infd.mendoza.edu.ar\/sitio\/wp-content\/uploads\/2019\/04\/CFC-Iso-trans-1000x627.png 1000w, https:\/\/ens9001-infd.mendoza.edu.ar\/sitio\/wp-content\/uploads\/2019\/04\/CFC-Iso-trans-768x482.png 768w, https:\/\/ens9001-infd.mendoza.edu.ar\/sitio\/wp-content\/uploads\/2019\/04\/CFC-Iso-trans.png 1239w\" sizes=\"(max-width: 38px) 100vw, 38px\" \/> <\/strong><strong>Inscripci\u00f3n y consultas<\/strong>:<\/h5>\n<p>Los\/as docentes interesados\/as deber\u00e1n pre-inscribirse a trav\u00e9s del\u00a0formulario digital\u00a0y completar el proceso de inscripci\u00f3n de acuerdo a las orientaciones que recibir\u00e1n en su correo electr\u00f3nico enviado desde la Bedel\u00eda del Centro de Formaci\u00f3n Continua: <strong>bedelia.cfc9001@gmail.com<\/strong><\/p>\n<p>Tambi\u00e9n pueden realizar consultas a trav\u00e9s de WhatsApp los siguientes d\u00edas y horarios:<\/p>\n<ul>\n<li>Lunes a viernes: de 10 a 11 y de 16:00 a 17:00 hs.<\/li>\n<\/ul>\n<p>&nbsp;<\/p>\n<p><a href=\"https:\/\/chat.whatsapp.com\/DAEL0ItGLhKLPsfNzV0Lun\"><img decoding=\"async\" loading=\"lazy\" class=\"wp-image-11021 aligncenter\" src=\"https:\/\/ens9001-infd.mendoza.edu.ar\/sitio\/wp-content\/uploads\/2020\/05\/Mesa-de-entradas-CFC-1000x111.jpeg\" alt=\"\" width=\"512\" height=\"57\" srcset=\"https:\/\/ens9001-infd.mendoza.edu.ar\/sitio\/wp-content\/uploads\/2020\/05\/Mesa-de-entradas-CFC-1000x111.jpeg 1000w, https:\/\/ens9001-infd.mendoza.edu.ar\/sitio\/wp-content\/uploads\/2020\/05\/Mesa-de-entradas-CFC-768x85.jpeg 768w, https:\/\/ens9001-infd.mendoza.edu.ar\/sitio\/wp-content\/uploads\/2020\/05\/Mesa-de-entradas-CFC.jpeg 1042w\" sizes=\"(max-width: 512px) 100vw, 512px\" \/><\/a><\/p>\n<p style=\"text-align: center;\"><a href=\"https:\/\/chat.whatsapp.com\/KQbusqF0DrjAYFCHbXi5Q8\" target=\"_blank\" rel=\"noopener\"><strong>https:\/\/chat.whatsapp.com\/KQbusqF0DrjAYFCHbXi5Q8<\/strong><\/a><\/p>\n<p>&nbsp;<\/p>\n<p>Las consultas ser\u00e1n respondidas en el transcurso del d\u00eda.<\/p>\n<p>&nbsp;<\/p>\n<h2 style=\"text-align: center;\"><span style=\"text-decoration: underline;\"><a href=\"https:\/\/forms.gle\/vRMBKcNDadoByGBG9\" target=\"_blank\" rel=\"noopener\"><strong>Formulario de pre-inscripci\u00f3n<\/strong><\/a><\/span><\/h2>\n<p style=\"text-align: center;\"><a href=\"https:\/\/ens9001-infd.mendoza.edu.ar\/sitio\/propuestas-de-formacion-continua-2021\/\" target=\"_blank\" rel=\"noopener\"><span style=\"text-decoration: underline;\"><strong>Ver m\u00e1s ofertas de Formaci\u00f3n Continua 2021<\/strong><\/span><\/a><\/p>\n","protected":false},"excerpt":{"rendered":"<p>Post\u00edtulo: Actualizaci\u00f3n Acad\u00e9mica en Legislaci\u00f3n y Administraci\u00f3n Escolar &nbsp; \u00a0Resoluci\u00f3n de aprobaci\u00f3n: Resoluci\u00f3n 1946-DGE-20 &nbsp; \u00a0Destinatarios: Este curso de Actualizaci\u00f3n Acad\u00e9mica est\u00e1 destinado a todos los Docentes de los diferentes Niveles y Modalidades del Sistema Educativo. Es prop\u00f3sito enriquecer el ejercicio de la profesi\u00f3n actualizando los saberes de sus marcos conceptuales, pr\u00e1cticos y normativos; ya &#8230; <a title=\"Post\u00edtulo: Actualizaci\u00f3n Acad\u00e9mica en Legislaci\u00f3n y Administraci\u00f3n Escolar\" class=\"read-more\" href=\"https:\/\/ens9001-infd.mendoza.edu.ar\/sitio\/postitulo\/\" aria-label=\"More on Post\u00edtulo: Actualizaci\u00f3n Acad\u00e9mica en Legislaci\u00f3n y Administraci\u00f3n Escolar\">[+]<\/a><\/p>\n","protected":false},"author":6668,"featured_media":0,"parent":0,"menu_order":0,"comment_status":"closed","ping_status":"closed","template":"","meta":[],"acf":[],"_links":{"self":[{"href":"https:\/\/ens9001-infd.mendoza.edu.ar\/sitio\/wp-json\/wp\/v2\/pages\/7586"}],"collection":[{"href":"https:\/\/ens9001-infd.mendoza.edu.ar\/sitio\/wp-json\/wp\/v2\/pages"}],"about":[{"href":"https:\/\/ens9001-infd.mendoza.edu.ar\/sitio\/wp-json\/wp\/v2\/types\/page"}],"author":[{"embeddable":true,"href":"https:\/\/ens9001-infd.mendoza.edu.ar\/sitio\/wp-json\/wp\/v2\/users\/6668"}],"replies":[{"embeddable":true,"href":"https:\/\/ens9001-infd.mendoza.edu.ar\/sitio\/wp-json\/wp\/v2\/comments?post=7586"}],"version-history":[{"count":16,"href":"https:\/\/ens9001-infd.mendoza.edu.ar\/sitio\/wp-json\/wp\/v2\/pages\/7586\/revisions"}],"predecessor-version":[{"id":16321,"href":"https:\/\/ens9001-infd.mendoza.edu.ar\/sitio\/wp-json\/wp\/v2\/pages\/7586\/revisions\/16321"}],"wp:attachment":[{"href":"https:\/\/ens9001-infd.mendoza.edu.ar\/sitio\/wp-json\/wp\/v2\/media?parent=7586"}],"curies":[{"name":"wp","href":"https:\/\/api.w.org\/{rel}","templated":true}]}}