{"id":5971,"date":"2018-08-30T19:40:00","date_gmt":"2018-08-30T22:40:00","guid":{"rendered":"https:\/\/ens9001-mza.infd.edu.ar\/sitio\/area-estudiantes-sede-san-martin-profesorados-inscripciones-mesas\/"},"modified":"2026-05-12T20:45:30","modified_gmt":"2026-05-12T23:45:30","slug":"profesorados-mesas","status":"publish","type":"page","link":"https:\/\/ens9001-infd.mendoza.edu.ar\/sitio\/profesorados-mesas\/","title":{"rendered":"Profesorados &#8211; Mesas de Ex\u00e1menes"},"content":{"rendered":"\n<h4 class=\"wp-block-heading\">TURNO DE MAYO 2026<\/h4>\n\n\n\n<h4 class=\"wp-block-heading\">Cronograma de Mesas<\/h4>\n\n\n\n<ul>\n<li><a href=\"https:\/\/ens9001-infd.mendoza.edu.ar\/sitio\/wp-content\/uploads\/2026\/05\/PRIMARIA-TM-ESTUDIANTES.pdf\" target=\"_blank\" rel=\"noreferrer noopener\">PRIMARIA TM ESTUDIANTES<\/a><\/li>\n\n\n\n<li><a href=\"https:\/\/ens9001-infd.mendoza.edu.ar\/sitio\/wp-content\/uploads\/2026\/05\/PRIMARIA-TT-ESTUDIANTES.pdf\" target=\"_blank\" rel=\"noreferrer noopener\">PRIMARIA TT ESTUDIANTES<\/a><\/li>\n\n\n\n<li><a href=\"https:\/\/ens9001-infd.mendoza.edu.ar\/sitio\/wp-content\/uploads\/2026\/05\/LENGUA-ESTUDIANTES.pdf\" target=\"_blank\" rel=\"noreferrer noopener\">LENGUA ESTUDIANTES<\/a><\/li>\n\n\n\n<li><a href=\"https:\/\/ens9001-infd.mendoza.edu.ar\/sitio\/wp-content\/uploads\/2026\/05\/HISTORIA-ESTUDIANTES.pdf\" target=\"_blank\" rel=\"noreferrer noopener\">HISTORIA ESTUDIANTE<\/a><\/li>\n\n\n\n<li><a href=\"https:\/\/ens9001-infd.mendoza.edu.ar\/sitio\/wp-content\/uploads\/2026\/05\/INICIAL-ESTUDIANTES.pdf\" target=\"_blank\" rel=\"noreferrer noopener\">INICIAL ESTUDIANTES<\/a><\/li>\n\n\n\n<li><a href=\"https:\/\/ens9001-infd.mendoza.edu.ar\/sitio\/wp-content\/uploads\/2026\/05\/GEOGRAFIA-ESTUDIANTES.pdf\" data-type=\"URL\" target=\"_blank\" rel=\"noreferrer noopener\">GEOGRAFI\u0301A ESTUDIANTES<\/a><\/li>\n\n\n\n<li><a href=\"https:\/\/ens9001-infd.mendoza.edu.ar\/sitio\/wp-content\/uploads\/2026\/05\/BIOLOGIA-ESTUDIANTES.pdf\" target=\"_blank\" rel=\"noreferrer noopener\">BIOLOGI\u0301A ESTUDIANTE<\/a><a href=\"https:\/\/ens9001-infd.mendoza.edu.ar\/sitio\/wp-content\/uploads\/2026\/02\/BIOLOGI\u0301A-ESTUDIANTES.pdf\" target=\"_blank\" rel=\"noreferrer noopener\">S<\/a><\/li>\n\n\n\n<li><a href=\"https:\/\/ens9001-infd.mendoza.edu.ar\/sitio\/wp-content\/uploads\/2026\/05\/ESPECIAL-ESTUDIANTES.pdf\" data-type=\"URL\" data-id=\"https:\/\/ens9001-infd.mendoza.edu.ar\/sitio\/wp-content\/uploads\/2026\/05\/ESPECIAL-ESTUDIANTES.pdf\" target=\"_blank\" rel=\"noreferrer noopener\">ESPECIAL ESTUDIANTES<\/a><\/li>\n\n\n\n<li><a href=\"https:\/\/ens9001-infd.mendoza.edu.ar\/sitio\/wp-content\/uploads\/2026\/05\/INGLES-ESTUDIANTES.pdf\" target=\"_blank\" rel=\"noreferrer noopener\">INGLE\u0301S ESTUDIANTES<\/a><\/li>\n\n\n\n<li><a href=\"https:\/\/ens9001-infd.mendoza.edu.ar\/sitio\/wp-content\/uploads\/2026\/05\/PROTEC-ESTUDIANTES.pdf\" target=\"_blank\" rel=\"noreferrer noopener\">PROTEC ESTUDIANTES<\/a><\/li>\n<\/ul>\n\n\n\n<p>Consultar fechas de inscripciones. Se podr\u00e1n borrar de las mesas hasta 48 hs h\u00e1biles previas a la mesa correspondiente.<\/p>\n\n\n\n<h4 class=\"wp-block-heading\">Las inscripciones se realizan por la plataforma de gesti\u00f3n, en el siguiente link:<\/h4>\n\n\n\n<ul>\n<li>I<a href=\"https:\/\/dti.mendoza.edu.ar\/superior\/alumnos\/public\/\">nscripci\u00f3n en este enlace&nbsp;<\/a><\/li>\n\n\n\n<li><a href=\"https:\/\/ens9001-infd.mendoza.edu.ar\/sitio\/wp-content\/uploads\/2025\/07\/GUI\u0301A-BA\u0301SICA-PARA-INSCRIPCIO\u0301N-A-MESAS-TURNO-JULIO-AGOSTO-225.pptx\">GUI\u0301A BA\u0301SICA PARA INSCRIPCIO\u0301N A MESAS<\/a><\/li>\n<\/ul>\n","protected":false},"excerpt":{"rendered":"<p>TURNO DE MAYO 2026 Cronograma de Mesas Consultar fechas de inscripciones. Se podr\u00e1n borrar de las mesas hasta 48 hs h\u00e1biles previas a la mesa correspondiente. Las inscripciones se realizan por la plataforma de gesti\u00f3n, en el siguiente link:<\/p>\n","protected":false},"author":6607,"featured_media":0,"parent":0,"menu_order":0,"comment_status":"closed","ping_status":"closed","template":"","meta":[],"acf":[],"_links":{"self":[{"href":"https:\/\/ens9001-infd.mendoza.edu.ar\/sitio\/wp-json\/wp\/v2\/pages\/5971"}],"collection":[{"href":"https:\/\/ens9001-infd.mendoza.edu.ar\/sitio\/wp-json\/wp\/v2\/pages"}],"about":[{"href":"https:\/\/ens9001-infd.mendoza.edu.ar\/sitio\/wp-json\/wp\/v2\/types\/page"}],"author":[{"embeddable":true,"href":"https:\/\/ens9001-infd.mendoza.edu.ar\/sitio\/wp-json\/wp\/v2\/users\/6607"}],"replies":[{"embeddable":true,"href":"https:\/\/ens9001-infd.mendoza.edu.ar\/sitio\/wp-json\/wp\/v2\/comments?post=5971"}],"version-history":[{"count":103,"href":"https:\/\/ens9001-infd.mendoza.edu.ar\/sitio\/wp-json\/wp\/v2\/pages\/5971\/revisions"}],"predecessor-version":[{"id":22869,"href":"https:\/\/ens9001-infd.mendoza.edu.ar\/sitio\/wp-json\/wp\/v2\/pages\/5971\/revisions\/22869"}],"wp:attachment":[{"href":"https:\/\/ens9001-infd.mendoza.edu.ar\/sitio\/wp-json\/wp\/v2\/media?parent=5971"}],"curies":[{"name":"wp","href":"https:\/\/api.w.org\/{rel}","templated":true}]}}