{"id":5969,"date":"2018-08-30T19:40:00","date_gmt":"2018-08-30T22:40:00","guid":{"rendered":"https:\/\/ens9001-mza.infd.edu.ar\/sitio\/diseno-de-indumentaria\/"},"modified":"2025-09-05T16:46:54","modified_gmt":"2025-09-05T19:46:54","slug":"diseno-de-indumentaria","status":"publish","type":"page","link":"https:\/\/ens9001-infd.mendoza.edu.ar\/sitio\/diseno-de-indumentaria\/","title":{"rendered":"Dise\u00f1o de Indumentaria, Textil y Accesorios"},"content":{"rendered":"<p><a href=\"https:\/\/ens9001-infd.mendoza.edu.ar\/sitio\/wp-content\/uploads\/2025\/09\/3.png\"><img decoding=\"async\" loading=\"lazy\" class=\"aligncenter  wp-image-21883\" src=\"https:\/\/ens9001-infd.mendoza.edu.ar\/sitio\/wp-content\/uploads\/2025\/09\/3.png\" alt=\"\" width=\"1002\" height=\"371\" srcset=\"https:\/\/ens9001-infd.mendoza.edu.ar\/sitio\/wp-content\/uploads\/2025\/09\/3.png 851w, https:\/\/ens9001-infd.mendoza.edu.ar\/sitio\/wp-content\/uploads\/2025\/09\/3-768x284.png 768w\" sizes=\"(max-width: 1002px) 100vw, 1002px\" \/><\/a><\/p>\n<h3><span style=\"color: #722f37;\">PLAN DE ESTUDIOS<\/span><\/h3>\n<h3><span style=\"color: #722f37;\">Primer a\u00f1o<\/span><\/h3>\n<ul>\n<li>Dise\u00f1o de Indumentaria I<\/li>\n<li>Molder\u00eda I<\/li>\n<li>Dibujo Aplicado a la Indumentaria I<\/li>\n<li>Dibujo T\u00e9cnico Asistido I<\/li>\n<li>Ergonom\u00eda<\/li>\n<li>Psicolog\u00eda de la Percepci\u00f3n<\/li>\n<li>Pr\u00e1ctica de Lectura Escritura y Oralidad<\/li>\n<li>Administraci\u00f3n de Recursos<\/li>\n<li>Historia de la Indumentaria I<\/li>\n<li>Sociolog\u00eda y Cultura de la Indumentaria<\/li>\n<li>Ingl\u00e9s<\/li>\n<li>Pr\u00e1ctica Profesionalizante I<\/li>\n<\/ul>\n<h3><span style=\"color: #722f37;\">Segundo a\u00f1o<\/span><\/h3>\n<ul>\n<li>Dise\u00f1o de Indumentaria II<\/li>\n<li>Molder\u00eda II<\/li>\n<li>Dibujo Aplicado a la Indumentaria II<\/li>\n<li>Dibujo T\u00e9cnico Asistido II<\/li>\n<li>Historia de la Indumentaria II<\/li>\n<li>Tecnolog\u00eda I<\/li>\n<li>Costos y Comercializaci\u00f3n<\/li>\n<li>Semi\u00f3tica<\/li>\n<li>Dise\u00f1o Textil<\/li>\n<li>Practica Profesionalizante II<\/li>\n<\/ul>\n<h3><span style=\"color: #722f37;\">Tercer a\u00f1o<\/span><\/h3>\n<ul>\n<li>Dise\u00f1o de la Indumentaria III<\/li>\n<li>Molder\u00eda III<\/li>\n<li>Dibujo T\u00e9cnico Asistido y Comunicaci\u00f3n del Proyecto<\/li>\n<li>Dise\u00f1o de Marroquiner\u00eda y Accesorios<\/li>\n<li>\u00c9tica Profesional<\/li>\n<li>Tecnolog\u00eda II<\/li>\n<li>Emprendedorismo<\/li>\n<li>Practica Profesionalizante III<\/li>\n<\/ul>\n","protected":false},"excerpt":{"rendered":"<p>PLAN DE ESTUDIOS Primer a\u00f1o Dise\u00f1o de Indumentaria I Molder\u00eda I Dibujo Aplicado a la Indumentaria I Dibujo T\u00e9cnico Asistido I Ergonom\u00eda Psicolog\u00eda de la Percepci\u00f3n Pr\u00e1ctica de Lectura Escritura y Oralidad Administraci\u00f3n de Recursos Historia de la Indumentaria I Sociolog\u00eda y Cultura de la Indumentaria Ingl\u00e9s Pr\u00e1ctica Profesionalizante I Segundo a\u00f1o Dise\u00f1o de Indumentaria &#8230; <a title=\"Dise\u00f1o de Indumentaria, Textil y Accesorios\" class=\"read-more\" href=\"https:\/\/ens9001-infd.mendoza.edu.ar\/sitio\/diseno-de-indumentaria\/\" aria-label=\"More on Dise\u00f1o de Indumentaria, Textil y Accesorios\">[+]<\/a><\/p>\n","protected":false},"author":6607,"featured_media":0,"parent":0,"menu_order":0,"comment_status":"closed","ping_status":"closed","template":"","meta":[],"acf":[],"_links":{"self":[{"href":"https:\/\/ens9001-infd.mendoza.edu.ar\/sitio\/wp-json\/wp\/v2\/pages\/5969"}],"collection":[{"href":"https:\/\/ens9001-infd.mendoza.edu.ar\/sitio\/wp-json\/wp\/v2\/pages"}],"about":[{"href":"https:\/\/ens9001-infd.mendoza.edu.ar\/sitio\/wp-json\/wp\/v2\/types\/page"}],"author":[{"embeddable":true,"href":"https:\/\/ens9001-infd.mendoza.edu.ar\/sitio\/wp-json\/wp\/v2\/users\/6607"}],"replies":[{"embeddable":true,"href":"https:\/\/ens9001-infd.mendoza.edu.ar\/sitio\/wp-json\/wp\/v2\/comments?post=5969"}],"version-history":[{"count":13,"href":"https:\/\/ens9001-infd.mendoza.edu.ar\/sitio\/wp-json\/wp\/v2\/pages\/5969\/revisions"}],"predecessor-version":[{"id":21898,"href":"https:\/\/ens9001-infd.mendoza.edu.ar\/sitio\/wp-json\/wp\/v2\/pages\/5969\/revisions\/21898"}],"wp:attachment":[{"href":"https:\/\/ens9001-infd.mendoza.edu.ar\/sitio\/wp-json\/wp\/v2\/media?parent=5969"}],"curies":[{"name":"wp","href":"https:\/\/api.w.org\/{rel}","templated":true}]}}