{"id":5845,"date":"2018-08-30T19:38:48","date_gmt":"2018-08-30T22:38:48","guid":{"rendered":"https:\/\/ens9001-mza.infd.edu.ar\/sitio\/tecnicatura-superior-en-higiene-y-seguridad-laboral\/"},"modified":"2025-09-05T16:47:55","modified_gmt":"2025-09-05T19:47:55","slug":"tecnicatura-superior-en-higiene-y-seguridad-laboral","status":"publish","type":"page","link":"https:\/\/ens9001-infd.mendoza.edu.ar\/sitio\/tecnicatura-superior-en-higiene-y-seguridad-laboral\/","title":{"rendered":"Higiene y Seguridad Laboral"},"content":{"rendered":"<p><a href=\"https:\/\/ens9001-infd.mendoza.edu.ar\/sitio\/wp-content\/uploads\/2025\/09\/4.png\"><img decoding=\"async\" loading=\"lazy\" class=\"aligncenter  wp-image-21886\" src=\"https:\/\/ens9001-infd.mendoza.edu.ar\/sitio\/wp-content\/uploads\/2025\/09\/4.png\" alt=\"\" width=\"1034\" height=\"383\" srcset=\"https:\/\/ens9001-infd.mendoza.edu.ar\/sitio\/wp-content\/uploads\/2025\/09\/4.png 851w, https:\/\/ens9001-infd.mendoza.edu.ar\/sitio\/wp-content\/uploads\/2025\/09\/4-768x284.png 768w\" sizes=\"(max-width: 1034px) 100vw, 1034px\" \/><\/a><\/p>\n<h3><span style=\"color: #f77f00;\">PLAN DE ESTUDIOS<\/span><\/h3>\n<h3><span style=\"color: #f77f00;\">Primer a\u00f1o<\/span><\/h3>\n<ul>\n<li>Comunicaci\u00f3n, Comprensi\u00f3n y Producci\u00f3n de Textos\u00a0<\/li>\n<li>Ingl\u00e9s T\u00e9cnico\u00a0<\/li>\n<li>TIC\u00a0<\/li>\n<li>Higiene I<\/li>\n<li>Seguridad I\u00a0<\/li>\n<li>Equipo y Elementos de Protecci\u00f3n Personal\u00a0<\/li>\n<li>Sistema de Gesti\u00f3n del Medio Ambiente\u00a0<\/li>\n<li>Taller de Ciencias B\u00e1sicas Aplicadas\u00a0<\/li>\n<li>Problem\u00e1tica Socio Cultural y del Trabajo\u00a0<\/li>\n<li>Interpretaci\u00f3n de Planos\u00a0<\/li>\n<li>Sistema de Gesti\u00f3n de la Calidad<\/li>\n<li>Pr\u00e1ctica Profesionalizante I<\/li>\n<\/ul>\n<h3><span style=\"color: #f77f00;\">Segundo a\u00f1o<\/span><\/h3>\n<ul>\n<li>Ecolog\u00eda\u00a0<\/li>\n<li>Planificaci\u00f3n y T\u00e9cnicas para el Control de la Calidad\u00a0<\/li>\n<li>Problem\u00e1tica Ambiental\u00a0<\/li>\n<li>Higiene II<\/li>\n<li>Seguridad II<\/li>\n<li>Psicolog\u00eda Laboral\u00a0<\/li>\n<li>Legislaci\u00f3n Laboral\u00a0<\/li>\n<li>Prevenci\u00f3n de la Salud Laboral\u00a0<\/li>\n<li>Ergonom\u00eda\u00a0<\/li>\n<li>Higiene y Seguridad Aplicada\u00a0<\/li>\n<li>Capacitaci\u00f3n y Desarrollo Profesional\u00a0<\/li>\n<li>Derecho Ambiental\u00a0<\/li>\n<li>Incendio I<\/li>\n<li>Pr\u00e1ctica Profesionalizante II<\/li>\n<\/ul>\n<h3><span style=\"color: #f77f00;\">Tercer a\u00f1o<\/span><\/h3>\n<ul>\n<li>T\u00e9cnicas en Remediaci\u00f3n Ambiental\u00a0<\/li>\n<li>Gesti\u00f3n de Procesos Productivos\u00a0<\/li>\n<li>Incendio II<\/li>\n<li>Evaluaci\u00f3n de Impactos Ambientales\u00a0<\/li>\n<li>Manejo y Gesti\u00f3n de Residuos\u00a0<\/li>\n<li>Recursos Humanos\u00a0<\/li>\n<li>Producci\u00f3n de Informes de Investigaci\u00f3n<\/li>\n<li>Toxicolog\u00eda\u00a0<\/li>\n<li>Evaluaci\u00f3n de Proyectos\u00a0<\/li>\n<li>Estad\u00edstica Aplicada\u00a0<\/li>\n<li>\u00c9tica Profesional\u00a0<\/li>\n<li>Seminario Optativo\u00a0<\/li>\n<li>Pr\u00e1ctica Profesionalizante III<\/li>\n<\/ul>\n","protected":false},"excerpt":{"rendered":"<p>PLAN DE ESTUDIOS Primer a\u00f1o Comunicaci\u00f3n, Comprensi\u00f3n y Producci\u00f3n de Textos\u00a0 Ingl\u00e9s T\u00e9cnico\u00a0 TIC\u00a0 Higiene I Seguridad I\u00a0 Equipo y Elementos de Protecci\u00f3n Personal\u00a0 Sistema de Gesti\u00f3n del Medio Ambiente\u00a0 Taller de Ciencias B\u00e1sicas Aplicadas\u00a0 Problem\u00e1tica Socio Cultural y del Trabajo\u00a0 Interpretaci\u00f3n de Planos\u00a0 Sistema de Gesti\u00f3n de la Calidad Pr\u00e1ctica Profesionalizante I Segundo a\u00f1o &#8230; <a title=\"Higiene y Seguridad Laboral\" class=\"read-more\" href=\"https:\/\/ens9001-infd.mendoza.edu.ar\/sitio\/tecnicatura-superior-en-higiene-y-seguridad-laboral\/\" aria-label=\"More on Higiene y Seguridad Laboral\">[+]<\/a><\/p>\n","protected":false},"author":6607,"featured_media":0,"parent":0,"menu_order":0,"comment_status":"closed","ping_status":"closed","template":"","meta":[],"acf":[],"_links":{"self":[{"href":"https:\/\/ens9001-infd.mendoza.edu.ar\/sitio\/wp-json\/wp\/v2\/pages\/5845"}],"collection":[{"href":"https:\/\/ens9001-infd.mendoza.edu.ar\/sitio\/wp-json\/wp\/v2\/pages"}],"about":[{"href":"https:\/\/ens9001-infd.mendoza.edu.ar\/sitio\/wp-json\/wp\/v2\/types\/page"}],"author":[{"embeddable":true,"href":"https:\/\/ens9001-infd.mendoza.edu.ar\/sitio\/wp-json\/wp\/v2\/users\/6607"}],"replies":[{"embeddable":true,"href":"https:\/\/ens9001-infd.mendoza.edu.ar\/sitio\/wp-json\/wp\/v2\/comments?post=5845"}],"version-history":[{"count":35,"href":"https:\/\/ens9001-infd.mendoza.edu.ar\/sitio\/wp-json\/wp\/v2\/pages\/5845\/revisions"}],"predecessor-version":[{"id":21900,"href":"https:\/\/ens9001-infd.mendoza.edu.ar\/sitio\/wp-json\/wp\/v2\/pages\/5845\/revisions\/21900"}],"wp:attachment":[{"href":"https:\/\/ens9001-infd.mendoza.edu.ar\/sitio\/wp-json\/wp\/v2\/media?parent=5845"}],"curies":[{"name":"wp","href":"https:\/\/api.w.org\/{rel}","templated":true}]}}