{"id":22117,"date":"2025-09-08T22:09:28","date_gmt":"2025-09-09T01:09:28","guid":{"rendered":"https:\/\/ens9001-infd.mendoza.edu.ar\/sitio\/?page_id=22117"},"modified":"2025-09-08T22:09:30","modified_gmt":"2025-09-09T01:09:30","slug":"formacion-profesional-de-nivel-3","status":"publish","type":"page","link":"https:\/\/ens9001-infd.mendoza.edu.ar\/sitio\/formacion-profesional-de-nivel-3\/","title":{"rendered":"Formaci\u00f3n Profesional de Nivel 3"},"content":{"rendered":"\n<h3 class=\"wp-block-heading\">Programas cortos de r\u00e1pida salida laboral. <\/h3>\n\n\n\n<p>Estas Formaciones Profesionales de Nivel 3 te dar\u00e1n herramientas para tu inserci\u00f3n laboral.<\/p>\n\n\n\n<ul>\n<li>Formaci\u00f3n Profesional: Higiene y Seguridad en el Trabajo en Contextos Mineros<\/li>\n<\/ul>\n","protected":false},"excerpt":{"rendered":"<p>Programas cortos de r\u00e1pida salida laboral. Estas Formaciones Profesionales de Nivel 3 te dar\u00e1n herramientas para tu inserci\u00f3n laboral.<\/p>\n","protected":false},"author":858,"featured_media":0,"parent":0,"menu_order":0,"comment_status":"closed","ping_status":"closed","template":"","meta":[],"acf":[],"_links":{"self":[{"href":"https:\/\/ens9001-infd.mendoza.edu.ar\/sitio\/wp-json\/wp\/v2\/pages\/22117"}],"collection":[{"href":"https:\/\/ens9001-infd.mendoza.edu.ar\/sitio\/wp-json\/wp\/v2\/pages"}],"about":[{"href":"https:\/\/ens9001-infd.mendoza.edu.ar\/sitio\/wp-json\/wp\/v2\/types\/page"}],"author":[{"embeddable":true,"href":"https:\/\/ens9001-infd.mendoza.edu.ar\/sitio\/wp-json\/wp\/v2\/users\/858"}],"replies":[{"embeddable":true,"href":"https:\/\/ens9001-infd.mendoza.edu.ar\/sitio\/wp-json\/wp\/v2\/comments?post=22117"}],"version-history":[{"count":1,"href":"https:\/\/ens9001-infd.mendoza.edu.ar\/sitio\/wp-json\/wp\/v2\/pages\/22117\/revisions"}],"predecessor-version":[{"id":22118,"href":"https:\/\/ens9001-infd.mendoza.edu.ar\/sitio\/wp-json\/wp\/v2\/pages\/22117\/revisions\/22118"}],"wp:attachment":[{"href":"https:\/\/ens9001-infd.mendoza.edu.ar\/sitio\/wp-json\/wp\/v2\/media?parent=22117"}],"curies":[{"name":"wp","href":"https:\/\/api.w.org\/{rel}","templated":true}]}}