{"id":21384,"date":"2025-05-07T13:13:17","date_gmt":"2025-05-07T16:13:17","guid":{"rendered":"https:\/\/ens9001-infd.mendoza.edu.ar\/sitio\/?page_id=21384"},"modified":"2025-05-07T13:17:20","modified_gmt":"2025-05-07T16:17:20","slug":"modalidad-combinada-en-el-nivel-superior","status":"publish","type":"page","link":"https:\/\/ens9001-infd.mendoza.edu.ar\/sitio\/modalidad-combinada-en-el-nivel-superior\/","title":{"rendered":"Modalidad Combinada en el Nivel Superior"},"content":{"rendered":"\n<h2 class=\"wp-block-heading has-accent-color has-text-color\">Modalidad Combinada en el Nivel Superior<\/h2>\n\n\n\n<h4 class=\"wp-block-heading has-accent-color has-text-color\">Propuesta Formativa Institucional<\/h4>\n\n\n\n<p>El Instituto de Educaci\u00f3n Superior 9-001 Gral. Jos\u00e9 de San Mart\u00edn invita a sus docentes a participar de la <strong>Propuesta Formativa Institucional \u00abModalidad Combinada en Educaci\u00f3n Superior: Dominando las Plataformas Institucionales\u00bb<\/strong>, que se desarrollar\u00e1 a partir del 13 de mayo. Esta formaci\u00f3n tiene como objetivo fortalecer las competencias digitales y pedag\u00f3gicas necesarias para implementar estrategias de ense\u00f1anza en modalidad combinada, aprovechando al m\u00e1ximo las herramientas institucionales disponibles.<\/p>\n\n\n\n<p><strong>Detalles del curso:<\/strong><\/p>\n\n\n\n<ul>\n<li><strong>Modalidad:<\/strong> Mixta (presencial y virtual)<\/li>\n\n\n\n<li><strong>Carga horaria total:<\/strong> 36 horas reloj \/ 54 horas c\u00e1tedra<\/li>\n\n\n\n<li><strong>Carga horaria presencial:<\/strong> 12 horas reloj \/ 18 horas c\u00e1tedra<\/li>\n\n\n\n<li><strong>Carga horaria virtual:<\/strong> 24 horas reloj \/ 36 horas c\u00e1tedra<\/li>\n\n\n\n<li><strong>Requisitos para aprobar:<\/strong>\n<ul>\n<li>80% de asistencia a las clases presenciales<\/li>\n\n\n\n<li>Presentaci\u00f3n y aprobaci\u00f3n de un trabajo final que consiste en el dise\u00f1o de una clase completa en la plataforma institucional<\/li>\n<\/ul>\n<\/li>\n<\/ul>\n\n\n\n<p><strong>Fechas y horarios:<\/strong><\/p>\n\n\n\n<ul>\n<li><strong>Martes:<\/strong> 18:00 a 20:30 (13\/5, 20\/5, 27\/5, 3\/6, 10\/6, 17\/6, 24\/6)<\/li>\n\n\n\n<li><strong>Jueves:<\/strong> 11:00 a 13:30 (15\/5, 22\/5, 29\/5, 5\/6, 12\/6, 19\/6, 26\/6)<\/li>\n\n\n\n<li><strong>Viernes:<\/strong> 18:00 a 20:30 (16\/5, 23\/5, 30\/5, 6\/6, 13\/6, 20\/6, 27\/6)<\/li>\n<\/ul>\n\n\n\n<p><strong>Equipo docente:<\/strong><\/p>\n\n\n\n<ul>\n<li>Prof. Ivana Baslut<\/li>\n\n\n\n<li>Prof. Romina Arraras<\/li>\n\n\n\n<li>Prof. M\u00f3nica Giagnoni<\/li>\n\n\n\n<li>Prof. Marcelo Fern\u00e1ndez<\/li>\n\n\n\n<li>Prof. Gerardo Abrego<\/li>\n<\/ul>\n\n\n\n<p><strong>M\u00e1s informaci\u00f3n:<\/strong><br>Consulta los detalles completos del cronograma y las actividades en el documento adjunto<a rel=\"noreferrer noopener\" href=\"https:\/\/ens9001-infd.mendoza.edu.ar\/sitio\/wp-content\/uploads\/2025\/05\/cronograma-INSTITUCIONAL.pdf\" target=\"_blank\">: Descargar Programa<\/a><\/p>\n\n\n\n<hr class=\"wp-block-separator has-css-opacity\"\/>\n\n\n<div class=\"wp-block-image\">\n<figure class=\"aligncenter size-full is-resized\"><img decoding=\"async\" loading=\"lazy\" src=\"https:\/\/ens9001-infd.mendoza.edu.ar\/sitio\/wp-content\/uploads\/2025\/02\/WhatsApp-Image-2024-10-02-at-12.11.22-1.jpeg\" alt=\"\" class=\"wp-image-21008\" width=\"470\" height=\"173\" srcset=\"https:\/\/ens9001-infd.mendoza.edu.ar\/sitio\/wp-content\/uploads\/2025\/02\/WhatsApp-Image-2024-10-02-at-12.11.22-1.jpeg 851w, https:\/\/ens9001-infd.mendoza.edu.ar\/sitio\/wp-content\/uploads\/2025\/02\/WhatsApp-Image-2024-10-02-at-12.11.22-1-768x284.jpeg 768w\" sizes=\"(max-width: 470px) 100vw, 470px\" \/><\/figure><\/div>\n\n\n<h5 class=\"wp-block-heading has-text-color\" style=\"color:#54718a\">Jefatura de Formaci\u00f3n Continua<\/h5>\n\n\n\n<p>Atenci\u00f3n: Sede Central del IES 9-001, Chubut y Balcarce, San Mart\u00edn, Mendoza<\/p>\n\n\n\n<p>Horarios:<\/p>\n\n\n\n<ul>\n<li>de lunes a viernes de 8: 00 a 11 hs; <\/li>\n\n\n\n<li>lunes, martes, jueves y viernes de 14 a 17 hs.; <\/li>\n\n\n\n<li>mi\u00e9rcoles de 17 a 20 hs<\/li>\n<\/ul>\n\n\n\n<p>cfc.bedelia.9001@gmail.com<\/p>\n","protected":false},"excerpt":{"rendered":"<p>Modalidad Combinada en el Nivel Superior Propuesta Formativa Institucional El Instituto de Educaci\u00f3n Superior 9-001 Gral. Jos\u00e9 de San Mart\u00edn invita a sus docentes a participar de la Propuesta Formativa Institucional \u00abModalidad Combinada en Educaci\u00f3n Superior: Dominando las Plataformas Institucionales\u00bb, que se desarrollar\u00e1 a partir del 13 de mayo. Esta formaci\u00f3n tiene como objetivo fortalecer &#8230; <a title=\"Modalidad Combinada en el Nivel Superior\" class=\"read-more\" href=\"https:\/\/ens9001-infd.mendoza.edu.ar\/sitio\/modalidad-combinada-en-el-nivel-superior\/\" aria-label=\"More on Modalidad Combinada en el Nivel Superior\">[+]<\/a><\/p>\n","protected":false},"author":858,"featured_media":0,"parent":0,"menu_order":0,"comment_status":"closed","ping_status":"closed","template":"","meta":[],"acf":[],"_links":{"self":[{"href":"https:\/\/ens9001-infd.mendoza.edu.ar\/sitio\/wp-json\/wp\/v2\/pages\/21384"}],"collection":[{"href":"https:\/\/ens9001-infd.mendoza.edu.ar\/sitio\/wp-json\/wp\/v2\/pages"}],"about":[{"href":"https:\/\/ens9001-infd.mendoza.edu.ar\/sitio\/wp-json\/wp\/v2\/types\/page"}],"author":[{"embeddable":true,"href":"https:\/\/ens9001-infd.mendoza.edu.ar\/sitio\/wp-json\/wp\/v2\/users\/858"}],"replies":[{"embeddable":true,"href":"https:\/\/ens9001-infd.mendoza.edu.ar\/sitio\/wp-json\/wp\/v2\/comments?post=21384"}],"version-history":[{"count":2,"href":"https:\/\/ens9001-infd.mendoza.edu.ar\/sitio\/wp-json\/wp\/v2\/pages\/21384\/revisions"}],"predecessor-version":[{"id":21390,"href":"https:\/\/ens9001-infd.mendoza.edu.ar\/sitio\/wp-json\/wp\/v2\/pages\/21384\/revisions\/21390"}],"wp:attachment":[{"href":"https:\/\/ens9001-infd.mendoza.edu.ar\/sitio\/wp-json\/wp\/v2\/media?parent=21384"}],"curies":[{"name":"wp","href":"https:\/\/api.w.org\/{rel}","templated":true}]}}