{"id":15999,"date":"2022-06-22T10:41:57","date_gmt":"2022-06-22T13:41:57","guid":{"rendered":"https:\/\/ens9001-infd.mendoza.edu.ar\/sitio\/?page_id=15999"},"modified":"2022-10-14T11:56:32","modified_gmt":"2022-10-14T14:56:32","slug":"curso-con-puntaje-docente-memorias-narradas-taller-de-escrituras-de-formacion-docente","status":"publish","type":"page","link":"https:\/\/ens9001-infd.mendoza.edu.ar\/sitio\/curso-con-puntaje-docente-memorias-narradas-taller-de-escrituras-de-formacion-docente\/","title":{"rendered":""},"content":{"rendered":"\n<figure class=\"wp-block-image is-resized\"><img decoding=\"async\" loading=\"lazy\" src=\"https:\/\/ens9001-infd.mendoza.edu.ar\/sitio\/wp-content\/uploads\/2022\/04\/Membrete-2-1000x134-1.png\" alt=\"La imagen tiene un atributo ALT vac\u00edo; su nombre de archivo es Membrete-2-1000x134-1.png\" class=\"wp-image-7528\" width=\"1000\" height=\"134\"\/><\/figure>\n\n\n\n<h4 class=\"wp-block-heading\"><strong>Curso con puntaje docente<\/strong>:<\/h4>\n\n\n\n<h4 class=\"has-text-align-center wp-block-heading\"><strong>Memorias narradas. <\/strong><\/h4>\n\n\n\n<h4 class=\"has-text-align-center wp-block-heading\"><strong><em>Taller de escrituras de formaci\u00f3n docente<\/em><\/strong><\/h4>\n\n\n\n<p class=\"has-text-align-center\">En el marco del Proyecto de investigaci\u00f3n 411 &#8211; \u00abTrayectorias de la formaci\u00f3n docente a trav\u00e9s de narrativas biogr\u00e1fico pedag\u00f3gicas\u00bb &#8211; INFoD<\/p>\n\n\n\n<hr class=\"wp-block-separator\"\/>\n\n\n\n<h5 class=\"wp-block-heading\"><strong><img decoding=\"async\" loading=\"lazy\" class=\"wp-image-7531 alignnone\" src=\"https:\/\/ens9001-infd.mendoza.edu.ar\/sitio\/wp-content\/uploads\/2019\/04\/CFC-Iso-trans-1000x627.png\" alt=\"\" width=\"38\" height=\"23\" srcset=\"https:\/\/ens9001-infd.mendoza.edu.ar\/sitio\/wp-content\/uploads\/2019\/04\/CFC-Iso-trans-1000x627.png 1000w, https:\/\/ens9001-infd.mendoza.edu.ar\/sitio\/wp-content\/uploads\/2019\/04\/CFC-Iso-trans-768x482.png 768w, https:\/\/ens9001-infd.mendoza.edu.ar\/sitio\/wp-content\/uploads\/2019\/04\/CFC-Iso-trans.png 1239w\" sizes=\"(max-width: 38px) 100vw, 38px\" \/>&nbsp;<\/strong>Resoluci\u00f3n de aprobaci\u00f3n:<\/h5>\n\n\n\n<p><a href=\"https:\/\/drive.google.com\/file\/d\/1qVF9yHFQUPJs6Yyn75J6g6l7xfY-1SWw\/view?usp=sharinghttps:\/\/drive.google.com\/file\/d\/1qVF9yHFQUPJs6Yyn75J6g6l7xfY-1SWw\/view?usp=sharing\" target=\"_blank\" rel=\"noreferrer noopener\"><span style=\"text-decoration: underline;\">Resoluci\u00f3n N\u00ba 147-CGES-2022<\/span><\/a><\/p>\n\n\n\n<p><span class=\"has-inline-color has-white-color\">&#8212;<\/span><\/p>\n\n\n\n<h5 class=\"wp-block-heading\"><strong><img decoding=\"async\" loading=\"lazy\" class=\"wp-image-7531 alignnone\" src=\"https:\/\/ens9001-infd.mendoza.edu.ar\/sitio\/wp-content\/uploads\/2019\/04\/CFC-Iso-trans-1000x627.png\" alt=\"\" width=\"38\" height=\"23\" srcset=\"https:\/\/ens9001-infd.mendoza.edu.ar\/sitio\/wp-content\/uploads\/2019\/04\/CFC-Iso-trans-1000x627.png 1000w, https:\/\/ens9001-infd.mendoza.edu.ar\/sitio\/wp-content\/uploads\/2019\/04\/CFC-Iso-trans-768x482.png 768w, https:\/\/ens9001-infd.mendoza.edu.ar\/sitio\/wp-content\/uploads\/2019\/04\/CFC-Iso-trans.png 1239w\" sizes=\"(max-width: 38px) 100vw, 38px\" \/>&nbsp;Destinatarios<\/strong>:<\/h5>\n\n\n\n<p>Profesores y profesoras en ejercicio en la educaci\u00f3n secundaria, egresados\/as de institutos de educaci\u00f3n superior de la Zona Este de Mendoza.<\/p>\n\n\n\n<p><span class=\"has-inline-color has-white-color\">&#8212;<\/span><\/p>\n\n\n\n<h5 class=\"wp-block-heading\"><strong><img decoding=\"async\" loading=\"lazy\" class=\"wp-image-7531 alignnone\" src=\"https:\/\/ens9001-infd.mendoza.edu.ar\/sitio\/wp-content\/uploads\/2019\/04\/CFC-Iso-trans-1000x627.png\" alt=\"\" width=\"38\" height=\"23\" srcset=\"https:\/\/ens9001-infd.mendoza.edu.ar\/sitio\/wp-content\/uploads\/2019\/04\/CFC-Iso-trans-1000x627.png 1000w, https:\/\/ens9001-infd.mendoza.edu.ar\/sitio\/wp-content\/uploads\/2019\/04\/CFC-Iso-trans-768x482.png 768w, https:\/\/ens9001-infd.mendoza.edu.ar\/sitio\/wp-content\/uploads\/2019\/04\/CFC-Iso-trans.png 1239w\" sizes=\"(max-width: 38px) 100vw, 38px\" \/>&nbsp;<\/strong>Objetivos de la Formaci\u00f3n:<\/h5>\n\n\n\n<p>El presente taller pretende desarrollar los siguientes aspectos vinculados al trabajo con narrativas en contextos de formaci\u00f3n y desarrollo profesional docente:<\/p>\n\n\n\n<ul><li>Promover pr\u00e1cticas de problematizaci\u00f3n y ejercicios de escritura narrativa sobre experiencias de formaci\u00f3n.&nbsp;<\/li><li>Reconocer y utilizar herramientas metodol\u00f3gicas del proceso de escritura narrativa de car\u00e1cter biogr\u00e1fico- pedag\u00f3gico.&nbsp;<\/li><li>Reflexionar en perspectiva narrativa sobre las experiencias de formaci\u00f3n en vistas a la posibilidad de (re)comienzos cr\u00edticos de las propias pr\u00e1cticas.<\/li><li>Sentar las bases para la constituci\u00f3n de una comunidad formativa de narradoras\/es en espacios colaborativos de lectura y escritura.<\/li><li>Documentar y publicar las escrituras narrativas de formaci\u00f3n producidas en el contexto de los encuentros de taller.&nbsp;<\/li><\/ul>\n\n\n\n<p><span class=\"has-inline-color has-white-color\">&#8212;<\/span><\/p>\n\n\n\n<h5 class=\"wp-block-heading\"><strong><img decoding=\"async\" loading=\"lazy\" class=\"wp-image-7531 alignnone\" src=\"https:\/\/ens9001-infd.mendoza.edu.ar\/sitio\/wp-content\/uploads\/2019\/04\/CFC-Iso-trans-1000x627.png\" alt=\"\" width=\"38\" height=\"23\" srcset=\"https:\/\/ens9001-infd.mendoza.edu.ar\/sitio\/wp-content\/uploads\/2019\/04\/CFC-Iso-trans-1000x627.png 1000w, https:\/\/ens9001-infd.mendoza.edu.ar\/sitio\/wp-content\/uploads\/2019\/04\/CFC-Iso-trans-768x482.png 768w, https:\/\/ens9001-infd.mendoza.edu.ar\/sitio\/wp-content\/uploads\/2019\/04\/CFC-Iso-trans.png 1239w\" sizes=\"(max-width: 38px) 100vw, 38px\" \/>&nbsp;<\/strong>Estructura Curricular:<\/h5>\n\n\n\n<p class=\"has-text-align-left\"><strong><strong>M\u00f3dulo 1: Escrituras y oralidades en narrativas biogr\u00e1ficas.<\/strong><\/strong><\/p>\n\n\n\n<p class=\"has-text-align-left\">Acerca de las textualidades \u00bfC\u00f3mo escribir? El plan de escritura. Ejercicio de las diferentes instancias. Escrituras en paralelo (diarios de campo, autorregistros, escrituras autoetnogr\u00e1ficas). La comunidad de narradoras\/es y lectoras\/es. El di\u00e1logo pedag\u00f3gico.<\/p>\n\n\n\n<p><strong><strong>M\u00f3dulo 2: Dimensi\u00f3n biogr\u00e1fica y narrativa de formaci\u00f3n docente<\/strong><\/strong><\/p>\n\n\n\n<p>Reconstrucci\u00f3n narrativa y cr\u00edtica de la memoria de la formaci\u00f3n. Narraci\u00f3n y experiencia. Singularidad de la experiencia.&nbsp; El lugar de los incidentes cr\u00edticos, descentramientos e interrupciones. El plan de escritura. Posibilidades y aperturas epistemol\u00f3gicas de la escritura narrativa de formaci\u00f3n.&nbsp;<\/p>\n\n\n\n<p><strong><strong>M\u00f3dulo 3: Escribir y conversar como praxis pedag\u00f3gica. <\/strong>&nbsp;<\/strong><\/p>\n\n\n\n<p>Oralidades y escrituras. Narrar y dialogar. La conformaci\u00f3n de los textos. Comunidad de narradoras\/es como lugar de construcci\u00f3n, escritura y discusi\u00f3n.&nbsp;<\/p>\n\n\n\n<p>Documentar. Publicar. Circulaci\u00f3n y legitimaci\u00f3n del saber de la experiencia docente. El dispositivo de la documentaci\u00f3n narrativa de experiencias pedag\u00f3gicas.<\/p>\n\n\n\n<p><span class=\"has-inline-color has-white-color\">&#8212;<\/span><\/p>\n\n\n\n<h5 class=\"wp-block-heading\"><strong><img decoding=\"async\" loading=\"lazy\" class=\"wp-image-7531 alignnone\" src=\"https:\/\/ens9001-infd.mendoza.edu.ar\/sitio\/wp-content\/uploads\/2019\/04\/CFC-Iso-trans-1000x627.png\" alt=\"\" width=\"38\" height=\"23\" srcset=\"https:\/\/ens9001-infd.mendoza.edu.ar\/sitio\/wp-content\/uploads\/2019\/04\/CFC-Iso-trans-1000x627.png 1000w, https:\/\/ens9001-infd.mendoza.edu.ar\/sitio\/wp-content\/uploads\/2019\/04\/CFC-Iso-trans-768x482.png 768w, https:\/\/ens9001-infd.mendoza.edu.ar\/sitio\/wp-content\/uploads\/2019\/04\/CFC-Iso-trans.png 1239w\" sizes=\"(max-width: 38px) 100vw, 38px\" \/>&nbsp;<\/strong>Carga horaria:<\/h5>\n\n\n\n<p>Total horas: 36 horas reloj (16 horas reloj no presenciales y 20 horas reloj presenciales)<\/p>\n\n\n\n<p><span class=\"has-inline-color has-white-color\">&#8212;<\/span><\/p>\n\n\n\n<h5 class=\"wp-block-heading\"><strong><img decoding=\"async\" loading=\"lazy\" class=\"wp-image-7531 alignnone\" src=\"https:\/\/ens9001-infd.mendoza.edu.ar\/sitio\/wp-content\/uploads\/2019\/04\/CFC-Iso-trans-1000x627.png\" alt=\"\" width=\"38\" height=\"23\" srcset=\"https:\/\/ens9001-infd.mendoza.edu.ar\/sitio\/wp-content\/uploads\/2019\/04\/CFC-Iso-trans-1000x627.png 1000w, https:\/\/ens9001-infd.mendoza.edu.ar\/sitio\/wp-content\/uploads\/2019\/04\/CFC-Iso-trans-768x482.png 768w, https:\/\/ens9001-infd.mendoza.edu.ar\/sitio\/wp-content\/uploads\/2019\/04\/CFC-Iso-trans.png 1239w\" sizes=\"(max-width: 38px) 100vw, 38px\" \/>&nbsp;<\/strong>Modalidad de cursado:<\/h5>\n\n\n\n<p>Presencial<\/p>\n\n\n\n<p><span class=\"has-inline-color has-white-color\">&#8212;<\/span><\/p>\n\n\n\n<h5 class=\"wp-block-heading\"><strong><img decoding=\"async\" loading=\"lazy\" width=\"38\" height=\"23\" class=\"wp-image-7531 alignnone\" src=\"https:\/\/ens9001-infd.mendoza.edu.ar\/sitio\/wp-content\/uploads\/2019\/04\/CFC-Iso-trans-1000x627.png\" alt=\"\" srcset=\"https:\/\/ens9001-infd.mendoza.edu.ar\/sitio\/wp-content\/uploads\/2019\/04\/CFC-Iso-trans-1000x627.png 1000w, https:\/\/ens9001-infd.mendoza.edu.ar\/sitio\/wp-content\/uploads\/2019\/04\/CFC-Iso-trans-768x482.png 768w, https:\/\/ens9001-infd.mendoza.edu.ar\/sitio\/wp-content\/uploads\/2019\/04\/CFC-Iso-trans.png 1239w\" sizes=\"(max-width: 38px) 100vw, 38px\" \/>&nbsp;Lugar, d<\/strong>\u00edas y horarios de cursado:<\/h5>\n\n\n\n<ul><li><strong>Taller de modalidad presencial<\/strong>: cinco encuentros de 4 horas reloj. <\/li><li><strong>Fecha de dictado:<\/strong> <strong>s\u00e1bados<\/strong> 22\/10, 29\/10, 05\/11, 12\/11 y 19\/11, de 9 a 13 h.\u00a0en la sede central del Instituto (Chubut y Balcarce, San Mart\u00edn)<\/li><\/ul>\n\n\n\n<p><span class=\"has-inline-color has-white-color\">&#8212;<\/span><\/p>\n\n\n\n<h5 class=\"wp-block-heading\"><strong><img decoding=\"async\" loading=\"lazy\" class=\"wp-image-7531 alignnone\" src=\"https:\/\/ens9001-infd.mendoza.edu.ar\/sitio\/wp-content\/uploads\/2019\/04\/CFC-Iso-trans-1000x627.png\" alt=\"\" width=\"38\" height=\"23\" srcset=\"https:\/\/ens9001-infd.mendoza.edu.ar\/sitio\/wp-content\/uploads\/2019\/04\/CFC-Iso-trans-1000x627.png 1000w, https:\/\/ens9001-infd.mendoza.edu.ar\/sitio\/wp-content\/uploads\/2019\/04\/CFC-Iso-trans-768x482.png 768w, https:\/\/ens9001-infd.mendoza.edu.ar\/sitio\/wp-content\/uploads\/2019\/04\/CFC-Iso-trans.png 1239w\" sizes=\"(max-width: 38px) 100vw, 38px\" \/>&nbsp;Inscripci\u00f3n y consultas<\/strong>:<\/h5>\n\n\n\n<p>Los\/as docentes interesados\/as deber\u00e1n pre-inscribirse a trav\u00e9s del&nbsp;formulario digital&nbsp;y completar el proceso de inscripci\u00f3n de acuerdo a las orientaciones que recibir\u00e1n en su correo electr\u00f3nico enviado desde la Bedel\u00eda del Centro de Formaci\u00f3n Continua: <strong>bedelia.cfc9001@gmail.com<\/strong><\/p>\n\n\n\n<p>Tambi\u00e9n pueden realizar consultas a trav\u00e9s de WhatsApp los siguientes d\u00edas y horarios:<\/p>\n\n\n\n<ul><li>Lunes de 8:00 a 17:00 hs<\/li><li>Martes de 8:00 a 18:00 hs<\/li><li>Mi\u00e9rcoles de 9:00 a 12:20 y de 14:00 a 19:00 hs<\/li><li>Jueves de 8:00 a 12:20 y de 13:00 a 18:00 hs<\/li><li>Viernes de 8:00 a 12:20 hs.<\/li><\/ul>\n\n\n\n<div class=\"wp-block-image\"><figure class=\"aligncenter is-resized\"><a href=\"https:\/\/chat.whatsapp.com\/DAEL0ItGLhKLPsfNzV0Lun\"><img decoding=\"async\" loading=\"lazy\" src=\"https:\/\/ens9001-infd.mendoza.edu.ar\/sitio\/wp-content\/uploads\/2020\/05\/Mesa-de-entradas-CFC-1000x111.jpeg\" alt=\"\" class=\"wp-image-11021\" width=\"702\" height=\"78\" srcset=\"https:\/\/ens9001-infd.mendoza.edu.ar\/sitio\/wp-content\/uploads\/2020\/05\/Mesa-de-entradas-CFC-1000x111.jpeg 1000w, https:\/\/ens9001-infd.mendoza.edu.ar\/sitio\/wp-content\/uploads\/2020\/05\/Mesa-de-entradas-CFC-768x85.jpeg 768w, https:\/\/ens9001-infd.mendoza.edu.ar\/sitio\/wp-content\/uploads\/2020\/05\/Mesa-de-entradas-CFC.jpeg 1042w\" sizes=\"(max-width: 702px) 100vw, 702px\" \/><\/a><figcaption><a href=\"https:\/\/chat.whatsapp.com\/CK4fGc7vcYSArD5ZUKeCEv\" data-type=\"URL\" data-id=\"https:\/\/chat.whatsapp.com\/CK4fGc7vcYSArD5ZUKeCEv\" target=\"_blank\" rel=\"noreferrer noopener\"><span style=\"text-decoration: underline;\"><strong>https:\/\/chat.whatsapp.com<\/strong><\/span><\/a><\/figcaption><\/figure><\/div>\n\n\n\n<p>Las consultas ser\u00e1n respondidas en el transcurso del d\u00eda.<\/p>\n\n\n\n<p><\/p>\n\n\n\n<hr class=\"wp-block-separator\"\/>\n\n\n\n<h2 class=\"has-text-align-center wp-block-heading\"><span style=\"text-decoration: underline;\"><strong><a href=\"https:\/\/forms.gle\/eYNzL9JVaP4cHjFP8\" data-type=\"URL\" target=\"_blank\" rel=\"noreferrer noopener\">Formulario de pre-inscripci\u00f3n<\/a><\/strong><\/span><\/h2>\n\n\n\n<p class=\"has-text-align-center\"><span style=\"color:#3f7022\" class=\"has-inline-color\"><strong>&#8211; Inscripciones abiertas<\/strong> &#8211;<\/span><\/p>\n\n\n\n<p class=\"has-text-align-center\"><\/p>\n","protected":false},"excerpt":{"rendered":"<p>Curso con puntaje docente: Memorias narradas. Taller de escrituras de formaci\u00f3n docente En el marco del Proyecto de investigaci\u00f3n 411 &#8211; \u00abTrayectorias de la formaci\u00f3n docente a trav\u00e9s de narrativas biogr\u00e1fico pedag\u00f3gicas\u00bb &#8211; INFoD &nbsp;Resoluci\u00f3n de aprobaci\u00f3n: Resoluci\u00f3n N\u00ba 147-CGES-2022 &#8212; &nbsp;Destinatarios: Profesores y profesoras en ejercicio en la educaci\u00f3n secundaria, egresados\/as de institutos de &#8230; <a title=\"\" class=\"read-more\" href=\"https:\/\/ens9001-infd.mendoza.edu.ar\/sitio\/curso-con-puntaje-docente-memorias-narradas-taller-de-escrituras-de-formacion-docente\/\" aria-label=\"More on \">[+]<\/a><\/p>\n","protected":false},"author":6668,"featured_media":0,"parent":0,"menu_order":0,"comment_status":"closed","ping_status":"closed","template":"","meta":[],"acf":[],"_links":{"self":[{"href":"https:\/\/ens9001-infd.mendoza.edu.ar\/sitio\/wp-json\/wp\/v2\/pages\/15999"}],"collection":[{"href":"https:\/\/ens9001-infd.mendoza.edu.ar\/sitio\/wp-json\/wp\/v2\/pages"}],"about":[{"href":"https:\/\/ens9001-infd.mendoza.edu.ar\/sitio\/wp-json\/wp\/v2\/types\/page"}],"author":[{"embeddable":true,"href":"https:\/\/ens9001-infd.mendoza.edu.ar\/sitio\/wp-json\/wp\/v2\/users\/6668"}],"replies":[{"embeddable":true,"href":"https:\/\/ens9001-infd.mendoza.edu.ar\/sitio\/wp-json\/wp\/v2\/comments?post=15999"}],"version-history":[{"count":6,"href":"https:\/\/ens9001-infd.mendoza.edu.ar\/sitio\/wp-json\/wp\/v2\/pages\/15999\/revisions"}],"predecessor-version":[{"id":19117,"href":"https:\/\/ens9001-infd.mendoza.edu.ar\/sitio\/wp-json\/wp\/v2\/pages\/15999\/revisions\/19117"}],"wp:attachment":[{"href":"https:\/\/ens9001-infd.mendoza.edu.ar\/sitio\/wp-json\/wp\/v2\/media?parent=15999"}],"curies":[{"name":"wp","href":"https:\/\/api.w.org\/{rel}","templated":true}]}}